CRAN Package Check Results for Package pathviewr

Last updated on 2024-03-03 01:00:51 CET.

Flavor Version Tinstall Tcheck Ttotal Status Flags
r-devel-linux-x86_64-debian-clang 1.1.7 4.80 145.71 150.51 OK
r-devel-linux-x86_64-debian-gcc 1.1.7 4.62 111.26 115.88 OK
r-devel-linux-x86_64-fedora-clang 1.1.7 187.00 OK
r-devel-linux-x86_64-fedora-gcc 1.1.7 186.43 OK
r-devel-windows-x86_64 1.1.7 6.00 127.00 133.00 OK
r-patched-linux-x86_64 1.1.7 5.67 144.63 150.30 OK
r-release-linux-x86_64 1.1.7 3.50 140.72 144.22 OK
r-release-macos-arm64 1.1.7 65.00 NOTE
r-release-macos-x86_64 1.1.7 99.00 NOTE
r-release-windows-x86_64 1.1.7 9.00 165.00 174.00 OK
r-oldrel-macos-arm64 1.1.7 70.00 OK
r-oldrel-windows-x86_64 1.1.7 8.00 158.00 166.00 OK

Check Details

Version: 1.1.7
Check: package dependencies
Result: NOTE Package suggested but not available for checking: ‘anomalize’ Flavors: r-release-macos-arm64, r-release-macos-x86_64