CRAN Package Check Results for Package pathwayTMB

Last updated on 2024-03-02 16:54:52 CET.

Flavor Version Tinstall Tcheck Ttotal Status Flags
r-devel-linux-x86_64-debian-clang 0.1.3 0.45 2.71 3.16 ERROR
r-devel-linux-x86_64-debian-gcc 0.1.3 16.30 129.02 145.32 OK
r-devel-linux-x86_64-fedora-clang 0.1.3 242.01 NOTE
r-devel-linux-x86_64-fedora-gcc 0.1.3 233.67 NOTE
r-devel-windows-x86_64 0.1.3 19.00 135.00 154.00 OK
r-patched-linux-x86_64 0.1.3 19.17 165.58 184.75 OK
r-release-linux-x86_64 0.1.3 19.72 164.07 183.79 OK
r-release-macos-arm64 0.1.3 73.00 OK
r-release-macos-x86_64 0.1.3 125.00 OK
r-release-windows-x86_64 0.1.3 27.00 167.00 194.00 OK
r-oldrel-macos-arm64 0.1.3 67.00 NOTE
r-oldrel-windows-x86_64 0.1.3 21.00 181.00 202.00 OK

Check Details

Version: 0.1.3
Check: package dependencies
Result: ERROR Package required but not available: ‘clusterProfiler’ See section ‘The DESCRIPTION file’ in the ‘Writing R Extensions’ manual. Flavor: r-devel-linux-x86_64-debian-clang

Version: 0.1.3
Check: dependencies in R code
Result: NOTE Namespaces in Imports field not imported from: ‘clusterProfiler’ ‘purrr’ All declared Imports should be used. Flavors: r-devel-linux-x86_64-fedora-clang, r-devel-linux-x86_64-fedora-gcc, r-oldrel-macos-arm64