CRAN Package Check Results for Package patternplot

Last updated on 2024-02-25 01:01:12 CET.

Flavor Version Tinstall Tcheck Ttotal Status Flags
r-devel-linux-x86_64-debian-clang 1.0.0 60.18 100.13 160.31 NOTE
r-devel-linux-x86_64-debian-gcc 1.0.0 49.69 75.34 125.03 NOTE
r-devel-linux-x86_64-fedora-clang 1.0.0 225.32 NOTE
r-devel-linux-x86_64-fedora-gcc 1.0.0 402.42 NOTE
r-devel-windows-x86_64 1.0.0 56.00 112.00 168.00 NOTE
r-patched-linux-x86_64 1.0.0 64.44 96.74 161.18 NOTE
r-release-linux-x86_64 1.0.0 61.81 94.15 155.96 NOTE
r-release-macos-arm64 1.0.0 116.00 NOTE
r-release-macos-x86_64 1.0.0 177.00 NOTE
r-release-windows-x86_64 1.0.0 72.00 134.00 206.00 NOTE
r-oldrel-macos-arm64 1.0.0 106.00 NOTE
r-oldrel-windows-x86_64 1.0.0 66.00 130.00 196.00 NOTE

Check Details

Version: 1.0.0
Check: C++ specification
Result: NOTE Specified C++11: please drop specification unless essential Flavors: r-devel-linux-x86_64-debian-clang, r-devel-linux-x86_64-debian-gcc, r-devel-linux-x86_64-fedora-clang, r-devel-linux-x86_64-fedora-gcc, r-devel-windows-x86_64, r-patched-linux-x86_64, r-release-linux-x86_64, r-release-macos-arm64, r-release-macos-x86_64, r-release-windows-x86_64

Version: 1.0.0
Check: for GNU extensions in Makefiles
Result: NOTE GNU make is a SystemRequirements. Flavors: r-devel-linux-x86_64-debian-clang, r-devel-linux-x86_64-debian-gcc, r-devel-linux-x86_64-fedora-clang, r-devel-linux-x86_64-fedora-gcc, r-devel-windows-x86_64, r-patched-linux-x86_64, r-release-linux-x86_64, r-release-macos-arm64, r-release-macos-x86_64, r-release-windows-x86_64, r-oldrel-macos-arm64, r-oldrel-windows-x86_64