CRAN Package Check Results for Package pcFactorStan

Last updated on 2024-02-26 00:50:54 CET.

Flavor Version Tinstall Tcheck Ttotal Status Flags
r-devel-linux-x86_64-debian-clang 1.5.4 1309.98 309.09 1619.07 NOTE
r-devel-linux-x86_64-debian-gcc 1.5.4 1176.32 311.43 1487.75 NOTE
r-devel-linux-x86_64-fedora-clang 1.5.4 1355.47 NOTE
r-devel-linux-x86_64-fedora-gcc 1.5.4 2717.50 NOTE
r-devel-windows-x86_64 1.5.4 967.00 341.00 1308.00 NOTE
r-patched-linux-x86_64 1.5.4 1064.68 416.40 1481.08 NOTE
r-release-linux-x86_64 1.5.4 1035.93 419.45 1455.38 NOTE
r-release-macos-arm64 1.5.4 854.00 NOTE
r-release-macos-x86_64 1.5.4 1104.00 NOTE
r-release-windows-x86_64 1.5.4 1231.00 438.00 1669.00 NOTE
r-oldrel-macos-arm64 1.5.4 543.00 NOTE
r-oldrel-windows-x86_64 1.5.4 1144.00 387.00 1531.00 NOTE

Check Details

Version: 1.5.4
Check: for GNU extensions in Makefiles
Result: NOTE GNU make is a SystemRequirements. Flavors: r-devel-linux-x86_64-debian-clang, r-devel-linux-x86_64-debian-gcc, r-devel-linux-x86_64-fedora-clang, r-devel-linux-x86_64-fedora-gcc, r-devel-windows-x86_64, r-patched-linux-x86_64, r-release-linux-x86_64, r-release-macos-arm64, r-release-macos-x86_64, r-release-windows-x86_64, r-oldrel-macos-arm64, r-oldrel-windows-x86_64

Version: 1.5.4
Check: installed package size
Result: NOTE installed size is 15.2Mb sub-directories of 1Mb or more: doc 2.9Mb libs 11.6Mb Flavors: r-devel-linux-x86_64-fedora-clang, r-devel-windows-x86_64, r-release-macos-arm64, r-release-macos-x86_64, r-release-windows-x86_64, r-oldrel-macos-arm64, r-oldrel-windows-x86_64

Version: 1.5.4
Check: dependencies in R code
Result: NOTE Namespace in Imports field not imported from: ‘rstantools’ All declared Imports should be used. Flavors: r-devel-linux-x86_64-fedora-clang, r-devel-linux-x86_64-fedora-gcc