CRAN Package Check Results for Package pcaone

Last updated on 2024-02-29 08:49:02 CET.

Flavor Version Tinstall Tcheck Ttotal Status Flags
r-devel-linux-x86_64-debian-clang 1.0.0 64.82 31.40 96.22 OK
r-devel-linux-x86_64-debian-gcc 1.0.0 53.55 27.50 81.05 OK
r-devel-linux-x86_64-fedora-clang 1.0.0 117.22 OK
r-devel-linux-x86_64-fedora-gcc 1.0.0 139.35 OK
r-devel-windows-x86_64 1.0.0 47.00 69.00 116.00 OK
r-patched-linux-x86_64 1.0.0 66.01 35.42 101.43 OK
r-release-linux-x86_64 1.0.0 65.43 34.46 99.89 OK
r-release-macos-arm64 1.0.0 42.00 NOTE
r-release-macos-x86_64 1.0.0 59.00 NOTE
r-release-windows-x86_64 1.0.0 57.00 69.00 126.00 OK
r-oldrel-macos-arm64 1.0.0 39.00 NOTE
r-oldrel-windows-x86_64 1.0.0 55.00 73.00 128.00 OK

Check Details

Version: 1.0.0
Check: installed package size
Result: NOTE installed size is 24.6Mb sub-directories of 1Mb or more: libs 24.5Mb Flavors: r-release-macos-arm64, r-release-macos-x86_64, r-oldrel-macos-arm64