CRAN Package Check Results for Package pccc

Last updated on 2024-02-26 16:56:32 CET.

Flavor Version Tinstall Tcheck Ttotal Status Flags
r-devel-linux-x86_64-debian-clang 1.0.5 53.91 66.58 120.49 NOTE
r-devel-linux-x86_64-debian-gcc 1.0.5 43.83 52.08 95.91 NOTE
r-devel-linux-x86_64-fedora-clang 1.0.5 162.88 NOTE
r-devel-linux-x86_64-fedora-gcc 1.0.5 169.69 NOTE
r-devel-windows-x86_64 1.0.5 45.00 88.00 133.00 NOTE
r-patched-linux-x86_64 1.0.5 51.04 63.36 114.40 NOTE
r-release-linux-x86_64 1.0.5 44.74 64.84 109.58 NOTE
r-release-macos-arm64 1.0.5 65.00 NOTE
r-release-macos-x86_64 1.0.5 90.00 NOTE
r-release-windows-x86_64 1.0.5 59.00 109.00 168.00 NOTE
r-oldrel-macos-arm64 1.0.5 53.00 OK
r-oldrel-windows-x86_64 1.0.5 46.00 105.00 151.00 OK

Check Details

Version: 1.0.5
Check: C++ specification
Result: NOTE Specified C++11: please drop specification unless essential Flavors: r-devel-linux-x86_64-debian-clang, r-devel-linux-x86_64-debian-gcc, r-devel-linux-x86_64-fedora-clang, r-devel-linux-x86_64-fedora-gcc, r-devel-windows-x86_64, r-patched-linux-x86_64, r-release-linux-x86_64, r-release-macos-arm64, r-release-macos-x86_64, r-release-windows-x86_64