Last updated on 2024-08-31 17:49:03 CEST.
Flavor | Version | Tinstall | Tcheck | Ttotal | Status | Flags |
---|---|---|---|---|---|---|
r-devel-linux-x86_64-debian-clang | 2.1 | 9.38 | 80.08 | 89.46 | NOTE | |
r-devel-linux-x86_64-debian-gcc | 2.1 | 6.98 | 56.86 | 63.84 | NOTE | |
r-devel-linux-x86_64-fedora-clang | 2.1 | 148.60 | OK | |||
r-devel-linux-x86_64-fedora-gcc | 2.1 | 135.16 | OK | |||
r-devel-windows-x86_64 | 2.1 | 12.00 | 86.00 | 98.00 | NOTE | |
r-patched-linux-x86_64 | 2.1 | 9.60 | 74.69 | 84.29 | OK | |
r-release-linux-x86_64 | 2.1 | 10.71 | 75.17 | 85.88 | OK | |
r-release-macos-arm64 | 2.1 | 41.00 | OK | |||
r-release-macos-x86_64 | 2.1 | 65.00 | OK | |||
r-release-windows-x86_64 | 2.1 | 13.00 | 92.00 | 105.00 | OK | |
r-oldrel-macos-arm64 | 2.1 | 50.00 | OK | |||
r-oldrel-macos-x86_64 | 2.1 | 89.00 | OK | |||
r-oldrel-windows-x86_64 | 2.1 | 16.00 | 107.00 | 123.00 | OK |
Version: 2.1
Check: Rd cross-references
Result: NOTE
Found the following Rd file(s) with Rd \link{} targets missing package
anchors:
pchreg.Rd: Surv
Please provide package anchors for all Rd \link{} targets not in the
package itself and the base packages.
Flavors: r-devel-linux-x86_64-debian-clang, r-devel-linux-x86_64-debian-gcc, r-devel-windows-x86_64