CRAN Package Check Results for Package pcmabc

Last updated on 2024-04-12 01:00:33 CEST.

Flavor Version Tinstall Tcheck Ttotal Status Flags
r-devel-linux-x86_64-debian-clang 1.1.3 15.09 127.68 142.77 NOTE
r-devel-linux-x86_64-debian-gcc 1.1.3 13.22 93.36 106.58 NOTE
r-devel-linux-x86_64-fedora-clang 1.1.3 201.73 NOTE
r-devel-linux-x86_64-fedora-gcc 1.1.3 166.86 NOTE
r-devel-windows-x86_64 1.1.3 14.00 98.00 112.00 NOTE
r-patched-linux-x86_64 1.1.3 15.30 117.94 133.24 NOTE
r-release-linux-x86_64 1.1.3 10.29 123.93 134.22 OK
r-release-macos-arm64 1.1.3 47.00 OK
r-release-macos-x86_64 1.1.3 82.00 OK
r-release-windows-x86_64 1.1.3 18.00 127.00 145.00 OK
r-oldrel-macos-arm64 1.1.3 43.00 OK
r-oldrel-windows-x86_64 1.1.3 19.00 127.00 146.00 OK

Check Details

Version: 1.1.3
Check: Rd files
Result: NOTE checkRd: (-1) PCM_ABC.Rd:106: Lost braces in \itemize; meant \describe ? checkRd: (-1) PCM_ABC.Rd:108-109: Lost braces in \itemize; meant \describe ? checkRd: (-1) PCM_ABC.Rd:114: Lost braces in \itemize; meant \describe ? checkRd: (-1) PCM_ABC.Rd:115: Lost braces in \itemize; meant \describe ? checkRd: (-1) PCM_ABC.Rd:117: Lost braces in \itemize; meant \describe ? checkRd: (-1) PCM_ABC.Rd:205-207: Lost braces in \itemize; meant \describe ? checkRd: (-1) PCM_ABC.Rd:208-211: Lost braces in \itemize; meant \describe ? checkRd: (-1) PCM_ABC.Rd:212-216: Lost braces in \itemize; meant \describe ? checkRd: (-1) PCM_ABC.Rd:221-224: Lost braces in \itemize; meant \describe ? checkRd: (-1) PCM_ABC.Rd:225-228: Lost braces in \itemize; meant \describe ? checkRd: (-1) PCM_ABC.Rd:229-231: Lost braces in \itemize; meant \describe ? checkRd: (-1) PCM_ABC.Rd:232: Lost braces in \itemize; meant \describe ? checkRd: (-1) PCM_ABC.Rd:233: Lost braces in \itemize; meant \describe ? checkRd: (-1) PCM_ABC.Rd:234: Lost braces in \itemize; meant \describe ? checkRd: (-1) PCM_ABC.Rd:235: Lost braces in \itemize; meant \describe ? checkRd: (-1) PCM_ABC.Rd:236: Lost braces in \itemize; meant \describe ? checkRd: (-1) PCM_ABC.Rd:237: Lost braces in \itemize; meant \describe ? checkRd: (-1) PCM_ABC.Rd:238: Lost braces in \itemize; meant \describe ? checkRd: (-1) PCM_ABC.Rd:239: Lost braces in \itemize; meant \describe ? checkRd: (-1) PCM_ABC.Rd:240: Lost braces in \itemize; meant \describe ? checkRd: (-1) simulate_phylproc.Rd:56: Lost braces in \itemize; meant \describe ? checkRd: (-1) simulate_phylproc.Rd:58-59: Lost braces in \itemize; meant \describe ? checkRd: (-1) simulate_phylproc.Rd:64: Lost braces in \itemize; meant \describe ? checkRd: (-1) simulate_phylproc.Rd:65: Lost braces in \itemize; meant \describe ? checkRd: (-1) simulate_phylproc.Rd:67: Lost braces in \itemize; meant \describe ? Flavors: r-devel-linux-x86_64-debian-clang, r-devel-linux-x86_64-debian-gcc, r-devel-linux-x86_64-fedora-clang, r-devel-linux-x86_64-fedora-gcc, r-devel-windows-x86_64, r-patched-linux-x86_64