Last updated on 2024-05-21 00:57:19 CEST.
Flavor | Version | Tinstall | Tcheck | Ttotal | Status | Flags |
---|---|---|---|---|---|---|
r-devel-linux-x86_64-debian-clang | 0.4.2 | 6.06 | 137.58 | 143.64 | NOTE | |
r-devel-linux-x86_64-debian-gcc | 0.4.2 | 4.67 | 99.02 | 103.69 | NOTE | |
r-devel-linux-x86_64-fedora-clang | 0.4.2 | 177.25 | NOTE | |||
r-devel-linux-x86_64-fedora-gcc | 0.4.2 | 177.44 | NOTE | |||
r-devel-windows-x86_64 | 0.4.2 | 6.00 | 111.00 | 117.00 | NOTE | |
r-patched-linux-x86_64 | 0.4.2 | 3.58 | 133.39 | 136.97 | NOTE | |
r-release-linux-x86_64 | 0.4.2 | 3.37 | 129.09 | 132.46 | NOTE | |
r-release-macos-arm64 | 0.4.2 | 54.00 | NOTE | |||
r-release-windows-x86_64 | 0.4.2 | 7.00 | 112.00 | 119.00 | NOTE | |
r-oldrel-macos-arm64 | 0.4.2 | 57.00 | NOTE | |||
r-oldrel-macos-x86_64 | 0.4.2 | 100.00 | NOTE | |||
r-oldrel-windows-x86_64 | 0.4.2 | 8.00 | 138.00 | 146.00 | NOTE |
Version: 0.4.2
Check: LazyData
Result: NOTE
'LazyData' is specified without a 'data' directory
Flavors: r-devel-linux-x86_64-debian-clang, r-devel-linux-x86_64-debian-gcc, r-devel-linux-x86_64-fedora-clang, r-devel-linux-x86_64-fedora-gcc, r-devel-windows-x86_64, r-patched-linux-x86_64, r-release-linux-x86_64, r-release-macos-arm64, r-release-windows-x86_64, r-oldrel-macos-arm64, r-oldrel-macos-x86_64, r-oldrel-windows-x86_64