CRAN Package Check Results for Package pedquant

Last updated on 2024-02-26 16:56:32 CET.

Flavor Version Tinstall Tcheck Ttotal Status Flags
r-devel-linux-x86_64-debian-clang 0.2.4 14.03 99.03 113.06 OK
r-devel-linux-x86_64-debian-gcc 0.2.4 12.89 72.22 85.11 OK
r-devel-linux-x86_64-fedora-clang 0.2.4 143.33 NOTE
r-devel-linux-x86_64-fedora-gcc 0.2.4 140.10 NOTE
r-devel-windows-x86_64 0.2.4 14.00 88.00 102.00 OK
r-patched-linux-x86_64 0.2.4 15.11 93.80 108.91 OK
r-release-linux-x86_64 0.2.4 8.87 94.04 102.91 OK
r-release-macos-arm64 0.2.4 41.00 OK
r-release-macos-x86_64 0.2.4 78.00 OK
r-release-windows-x86_64 0.2.4 18.00 105.00 123.00 OK
r-oldrel-macos-arm64 0.2.4 43.00 OK
r-oldrel-windows-x86_64 0.2.4 19.00 108.00 127.00 OK

Check Details

Version: 0.2.4
Check: data for non-ASCII characters
Result: NOTE Note: found 4860 marked UTF-8 strings Flavors: r-devel-linux-x86_64-fedora-clang, r-devel-linux-x86_64-fedora-gcc