Last updated on 2023-12-03 08:50:17 CET.
Flavor | Version | Tinstall | Tcheck | Ttotal | Status | Flags |
---|---|---|---|---|---|---|
r-devel-linux-x86_64-debian-clang | 0.1.0 | 2.50 | 36.29 | 38.79 | OK | |
r-devel-linux-x86_64-debian-gcc | 0.1.0 | 1.91 | 27.98 | 29.89 | OK | |
r-devel-linux-x86_64-fedora-clang | 0.1.0 | 49.72 | NOTE | |||
r-devel-linux-x86_64-fedora-gcc | 0.1.0 | 59.18 | NOTE | |||
r-devel-windows-x86_64 | 0.1.0 | 4.00 | 53.00 | 57.00 | OK | |
r-patched-linux-x86_64 | 0.1.0 | 2.62 | 34.94 | 37.56 | OK | |
r-release-linux-x86_64 | 0.1.0 | 2.35 | 35.13 | 37.48 | OK | |
r-release-macos-arm64 | 0.1.0 | 28.00 | OK | |||
r-release-macos-x86_64 | 0.1.0 | 42.00 | OK | |||
r-release-windows-x86_64 | 0.1.0 | 4.00 | 56.00 | 60.00 | OK | |
r-oldrel-macos-arm64 | 0.1.0 | 24.00 | OK | |||
r-oldrel-macos-x86_64 | 0.1.0 | 38.00 | NOTE | |||
r-oldrel-windows-x86_64 | 0.1.0 | 5.00 | 58.00 | 63.00 | OK |
Version: 0.1.0
Check: data for non-ASCII characters
Result: NOTE
Note: found 6 marked UTF-8 strings
Flavors: r-devel-linux-x86_64-fedora-clang, r-devel-linux-x86_64-fedora-gcc, r-oldrel-macos-x86_64