CRAN Package Check Results for Package pendensity

Last updated on 2024-02-21 00:54:36 CET.

Flavor Version Tinstall Tcheck Ttotal Status Flags
r-devel-linux-x86_64-debian-clang 0.2.13 NOTE
r-devel-linux-x86_64-debian-gcc 0.2.13 9.20 80.76 89.96 NOTE
r-devel-linux-x86_64-fedora-clang 0.2.13 147.14 NOTE
r-devel-linux-x86_64-fedora-gcc 0.2.13 152.93 NOTE
r-devel-windows-x86_64 0.2.13 11.00 103.00 114.00 NOTE
r-patched-linux-x86_64 0.2.13 12.31 104.57 116.88 NOTE
r-release-linux-x86_64 0.2.13 8.76 104.16 112.92 NOTE
r-release-macos-arm64 0.2.13 69.00 NOTE
r-release-macos-x86_64 0.2.13 90.00 NOTE
r-release-windows-x86_64 0.2.13 14.00 174.00 188.00 NOTE
r-oldrel-macos-arm64 0.2.13 46.00 OK
r-oldrel-windows-x86_64 0.2.13 16.00 122.00 138.00 OK

Check Details

Version: 0.2.13
Check: Rd files
Result: NOTE checkRd: (-1) my.bspline.Rd:21: Escaped LaTeX specials: \$ \$ \$ \$ \$ \$ checkRd: (-1) my.bspline.Rd:27: Escaped LaTeX specials: \$ \$ \$ checkRd: (-1) pendensity.Rd:52: Escaped LaTeX specials: \$ checkRd: (-1) pendensity.Rd:57: Escaped LaTeX specials: \$ \$ checkRd: (-1) pendensity.Rd:66: Escaped LaTeX specials: \$ checkRd: (-1) pendensity.Rd:82: Escaped LaTeX specials: \$ \$ checkRd: (-1) pendensity.Rd:96: Escaped LaTeX specials: \$ checkRd: (-1) pendensity.Rd:100: Escaped LaTeX specials: \$ checkRd: (-1) pendensity.Rd:105: Escaped LaTeX specials: \$ checkRd: (-1) pendensity.Rd:109: Escaped LaTeX specials: \$ Flavors: r-devel-linux-x86_64-debian-clang, r-devel-linux-x86_64-debian-gcc, r-devel-linux-x86_64-fedora-clang, r-devel-linux-x86_64-fedora-gcc, r-devel-windows-x86_64, r-patched-linux-x86_64, r-release-linux-x86_64, r-release-macos-arm64, r-release-macos-x86_64, r-release-windows-x86_64