Last updated on 2023-12-06 00:58:22 CET.
Flavor | Version | Tinstall | Tcheck | Ttotal | Status | Flags |
---|---|---|---|---|---|---|
r-devel-linux-x86_64-debian-clang | 0.2.3 | 52.67 | 136.87 | 189.54 | OK | |
r-devel-linux-x86_64-debian-gcc | 0.2.3 | 37.92 | 102.19 | 140.11 | OK | |
r-devel-linux-x86_64-fedora-clang | 0.2.3 | 239.42 | NOTE | |||
r-devel-linux-x86_64-fedora-gcc | 0.2.3 | 250.71 | NOTE | |||
r-devel-windows-x86_64 | 0.2.3 | 42.00 | 139.00 | 181.00 | OK | |
r-patched-linux-x86_64 | 0.2.3 | 37.60 | 132.68 | 170.28 | OK | |
r-release-linux-x86_64 | 0.2.3 | 34.49 | 129.55 | 164.04 | OK | |
r-release-macos-arm64 | 0.2.3 | 109.00 | NOTE | |||
r-release-macos-x86_64 | 0.2.3 | 137.00 | NOTE | |||
r-release-windows-x86_64 | 0.2.3 | 57.00 | 167.00 | 224.00 | OK | |
r-oldrel-macos-arm64 | 0.2.3 | 74.00 | NOTE | |||
r-oldrel-macos-x86_64 | 0.2.3 | 100.00 | NOTE | |||
r-oldrel-windows-x86_64 | 0.2.3 | 53.00 | 154.00 | 207.00 | OK |
Version: 0.2.3
Check: dependencies in R code
Result: NOTE
Namespace in Imports field not imported from: ‘fixest’
All declared Imports should be used.
Flavors: r-devel-linux-x86_64-fedora-clang, r-devel-linux-x86_64-fedora-gcc
Version: 0.2.3
Check: installed package size
Result: NOTE
installed size is 9.2Mb
sub-directories of 1Mb or more:
data 1.8Mb
libs 7.0Mb
Flavors: r-release-macos-arm64, r-release-macos-x86_64, r-oldrel-macos-arm64, r-oldrel-macos-x86_64