Last updated on 2024-05-07 00:56:23 CEST.
Flavor | Version | Tinstall | Tcheck | Ttotal | Status | Flags |
---|---|---|---|---|---|---|
r-devel-linux-x86_64-debian-clang | 2.2.0 | 531.74 | 161.89 | 693.63 | OK | |
r-devel-linux-x86_64-debian-gcc | 2.2.0 | 430.51 | 112.95 | 543.46 | OK | |
r-devel-linux-x86_64-fedora-clang | 2.2.0 | 873.55 | NOTE | |||
r-devel-linux-x86_64-fedora-gcc | 2.2.0 | 1117.28 | OK | |||
r-devel-windows-x86_64 | 2.2.0 | 372.00 | 163.00 | 535.00 | OK | |
r-patched-linux-x86_64 | 2.2.0 | 506.09 | 152.07 | 658.16 | OK | |
r-release-linux-x86_64 | 2.2.0 | 509.55 | 151.51 | 661.06 | OK | |
r-release-macos-arm64 | 2.2.0 | 195.00 | NOTE | |||
r-release-windows-x86_64 | 2.2.0 | 369.00 | 162.00 | 531.00 | OK | |
r-oldrel-macos-arm64 | 2.2.0 | 248.00 | NOTE | |||
r-oldrel-macos-x86_64 | 2.2.0 | 407.00 | NOTE | |||
r-oldrel-windows-x86_64 | 2.2.0 | 442.00 | 203.00 | 645.00 | OK |
Version: 2.2.0
Check: installed package size
Result: NOTE
installed size is 5.4Mb
sub-directories of 1Mb or more:
libs 4.2Mb
Flavors: r-devel-linux-x86_64-fedora-clang, r-release-macos-arm64, r-oldrel-macos-arm64, r-oldrel-macos-x86_64