Last updated on 2024-05-02 00:58:48 CEST.
Flavor | Version | Tinstall | Tcheck | Ttotal | Status | Flags |
---|---|---|---|---|---|---|
r-devel-linux-x86_64-debian-clang | 0.11.0 | 20.04 | 252.06 | 272.10 | OK | |
r-devel-linux-x86_64-debian-gcc | 0.11.0 | 17.26 | 171.86 | 189.12 | OK | |
r-devel-linux-x86_64-fedora-clang | 0.11.0 | 334.93 | OK | |||
r-devel-linux-x86_64-fedora-gcc | 0.11.0 | 307.80 | OK | |||
r-devel-windows-x86_64 | 0.11.0 | 20.00 | 180.00 | 200.00 | OK | |
r-patched-linux-x86_64 | 0.11.0 | 22.55 | 232.15 | 254.70 | NOTE | |
r-release-linux-x86_64 | 0.11.0 | 23.10 | 207.24 | 230.34 | NOTE | |
r-release-macos-arm64 | 0.11.0 | 70.00 | OK | |||
r-release-macos-x86_64 | 0.11.0 | 224.00 | OK | |||
r-release-windows-x86_64 | 0.11.0 | 18.00 | 182.00 | 200.00 | OK | |
r-oldrel-macos-arm64 | 0.11.0 | 81.00 | OK | |||
r-oldrel-macos-x86_64 | 0.11.0 | 184.00 | OK | |||
r-oldrel-windows-x86_64 | 0.11.0 | 24.00 | 236.00 | 260.00 | OK |
Version: 0.11.0
Check: package dependencies
Result: NOTE
Package suggested but not available for checking: ‘blavaan’
Flavor: r-patched-linux-x86_64
Version: 0.11.0
Check: package dependencies
Result: NOTE
Package suggested but not available for checking: ‘rstanarm’
Flavor: r-release-linux-x86_64