CRAN Package Check Results for Package pestr

Last updated on 2024-02-29 00:55:48 CET.

Flavor Version Tinstall Tcheck Ttotal Status Flags
r-devel-linux-x86_64-debian-clang 0.8.2 3.05 52.83 55.88 NOTE
r-devel-linux-x86_64-debian-gcc 0.8.2 3.15 40.48 43.63 NOTE
r-devel-linux-x86_64-fedora-clang 0.8.2 70.31 NOTE
r-devel-linux-x86_64-fedora-gcc 0.8.2 77.61 NOTE
r-devel-windows-x86_64 0.8.2 5.00 60.00 65.00 NOTE
r-patched-linux-x86_64 0.8.2 2.66 51.55 54.21 NOTE
r-release-linux-x86_64 0.8.2 2.35 51.23 53.58 NOTE
r-release-macos-arm64 0.8.2 35.00 NOTE
r-release-macos-x86_64 0.8.2 44.00 NOTE
r-release-windows-x86_64 0.8.2 6.00 68.00 74.00 NOTE
r-oldrel-macos-arm64 0.8.2 23.00 NOTE
r-oldrel-windows-x86_64 0.8.2 5.00 72.00 77.00 NOTE

Check Details

Version: 0.8.2
Check: package subdirectories
Result: NOTE Problems with news in ‘NEWS.md’: Cannot extract version info from the following section titles: Fixed issues Flavors: r-devel-linux-x86_64-debian-clang, r-devel-linux-x86_64-debian-gcc, r-devel-linux-x86_64-fedora-clang, r-devel-linux-x86_64-fedora-gcc, r-devel-windows-x86_64, r-patched-linux-x86_64, r-release-linux-x86_64, r-release-macos-arm64, r-release-macos-x86_64, r-release-windows-x86_64

Version: 0.8.2
Check: LazyData
Result: NOTE 'LazyData' is specified without a 'data' directory Flavors: r-devel-linux-x86_64-debian-clang, r-devel-linux-x86_64-debian-gcc, r-devel-linux-x86_64-fedora-clang, r-devel-linux-x86_64-fedora-gcc, r-devel-windows-x86_64, r-patched-linux-x86_64, r-release-linux-x86_64, r-release-macos-arm64, r-release-macos-x86_64, r-release-windows-x86_64, r-oldrel-macos-arm64, r-oldrel-windows-x86_64