CRAN Package Check Results for Package pgenlibr

Last updated on 2024-02-21 00:54:36 CET.

Flavor Version Tinstall Tcheck Ttotal Status Flags
r-devel-linux-x86_64-debian-clang 0.3.5 NOTE
r-devel-linux-x86_64-debian-gcc 0.3.5 49.23 24.62 73.85 NOTE
r-devel-linux-x86_64-fedora-clang 0.3.5 139.27 OK
r-devel-linux-x86_64-fedora-gcc 0.3.5 134.40 OK
r-devel-windows-x86_64 0.3.5 75.00 78.00 153.00 OK
r-patched-linux-x86_64 0.3.5 61.91 31.62 93.53 OK
r-release-linux-x86_64 0.3.5 65.45 32.18 97.63 OK
r-release-macos-arm64 0.3.5 54.00 OK
r-release-macos-x86_64 0.3.5 59.00 OK
r-release-windows-x86_64 0.3.5 67.00 81.00 148.00 OK
r-oldrel-macos-arm64 0.3.5 51.00 OK
r-oldrel-windows-x86_64 0.3.5 79.00 81.00 160.00 OK

Check Details

Version: 0.3.5
Check: Rd files
Result: NOTE checkRd: (-1) ReadHardcalls.Rd:5: Lost braces; missing escapes or markup? 5 | \title{Loads the variant_numth variant, and then fills buf with {0, 1, 2, NA} | ^ checkRd: (-1) ReadIntList.Rd:17: Lost braces; missing escapes or markup? 17 | correspond to variant_subset, and values are in {0, 1, 2, NA} indicating | ^ Flavors: r-devel-linux-x86_64-debian-clang, r-devel-linux-x86_64-debian-gcc