CRAN Package Check Results for Package pgsc

Last updated on 2024-02-26 00:50:54 CET.

Flavor Version Tinstall Tcheck Ttotal Status Flags
r-devel-linux-x86_64-debian-clang 1.0.0 34.42 107.39 141.81 NOTE
r-devel-linux-x86_64-debian-gcc 1.0.0 28.97 82.63 111.60 NOTE
r-devel-linux-x86_64-fedora-clang 1.0.0 197.67 NOTE
r-devel-linux-x86_64-fedora-gcc 1.0.0 214.25 NOTE
r-devel-windows-x86_64 1.0.0 29.00 121.00 150.00 NOTE
r-patched-linux-x86_64 1.0.0 28.84 108.17 137.01 NOTE
r-release-linux-x86_64 1.0.0 25.77 105.26 131.03 NOTE
r-release-macos-arm64 1.0.0 65.00 NOTE
r-release-macos-x86_64 1.0.0 115.00 NOTE
r-release-windows-x86_64 1.0.0 36.00 149.00 185.00 NOTE
r-oldrel-macos-arm64 1.0.0 50.00 OK
r-oldrel-windows-x86_64 1.0.0 37.00 148.00 185.00 OK

Check Details

Version: 1.0.0
Check: C++ specification
Result: NOTE Specified C++11: please drop specification unless essential Flavors: r-devel-linux-x86_64-debian-clang, r-devel-linux-x86_64-debian-gcc, r-devel-linux-x86_64-fedora-clang, r-devel-linux-x86_64-fedora-gcc, r-devel-windows-x86_64, r-patched-linux-x86_64, r-release-linux-x86_64, r-release-macos-arm64, r-release-macos-x86_64, r-release-windows-x86_64