Last updated on 2024-05-21 16:53:25 CEST.
Flavor | Version | Tinstall | Tcheck | Ttotal | Status | Flags |
---|---|---|---|---|---|---|
r-devel-linux-x86_64-debian-clang | 1.0.0 | 32.37 | 112.12 | 144.49 | NOTE | |
r-devel-linux-x86_64-debian-gcc | 1.0.0 | 25.38 | 84.14 | 109.52 | NOTE | |
r-devel-linux-x86_64-fedora-clang | 1.0.0 | 190.97 | NOTE | |||
r-devel-linux-x86_64-fedora-gcc | 1.0.0 | 208.19 | NOTE | |||
r-devel-windows-x86_64 | 1.0.0 | 31.00 | 128.00 | 159.00 | NOTE | |
r-patched-linux-x86_64 | 1.0.0 | 29.88 | 107.28 | 137.16 | NOTE | |
r-release-linux-x86_64 | 1.0.0 | 26.80 | 107.39 | 134.19 | NOTE | |
r-release-macos-arm64 | 1.0.0 | 54.00 | NOTE | |||
r-release-windows-x86_64 | 1.0.0 | 30.00 | 125.00 | 155.00 | NOTE | |
r-oldrel-macos-arm64 | 1.0.0 | 65.00 | NOTE | |||
r-oldrel-macos-x86_64 | 1.0.0 | 115.00 | NOTE | |||
r-oldrel-windows-x86_64 | 1.0.0 | 36.00 | 146.00 | 182.00 | NOTE |
Version: 1.0.0
Check: C++ specification
Result: NOTE
Specified C++11: please drop specification unless essential
Flavors: r-devel-linux-x86_64-debian-clang, r-devel-linux-x86_64-debian-gcc, r-devel-linux-x86_64-fedora-clang, r-devel-linux-x86_64-fedora-gcc, r-devel-windows-x86_64, r-patched-linux-x86_64, r-release-linux-x86_64, r-release-macos-arm64, r-release-windows-x86_64, r-oldrel-macos-arm64, r-oldrel-macos-x86_64, r-oldrel-windows-x86_64