CRAN Package Check Results for Package phangorn

Last updated on 2024-02-22 08:54:16 CET.

Flavor Version Tinstall Tcheck Ttotal Status Flags
r-devel-linux-x86_64-debian-clang 2.11.1 NOTE
r-devel-linux-x86_64-debian-gcc 2.11.1 57.56 349.63 407.19 NOTE
r-devel-linux-x86_64-fedora-clang 2.11.1 693.73 NOTE
r-devel-linux-x86_64-fedora-gcc 2.11.1 663.57 NOTE
r-devel-windows-x86_64 2.11.1 58.00 360.00 418.00 NOTE
r-patched-linux-x86_64 2.11.1 77.30 466.56 543.86 NOTE
r-release-linux-x86_64 2.11.1 69.48 460.63 530.11 NOTE
r-release-macos-arm64 2.11.1 199.00 NOTE
r-release-macos-x86_64 2.11.1 324.00 NOTE
r-release-windows-x86_64 2.11.1 78.00 449.00 527.00 NOTE
r-oldrel-macos-arm64 2.11.1 176.00 NOTE
r-oldrel-windows-x86_64 2.11.1 78.00 435.00 513.00 NOTE

Check Details

Version: 2.11.1
Check: C++ specification
Result: NOTE Specified C++11: please drop specification unless essential Flavors: r-devel-linux-x86_64-debian-clang, r-devel-linux-x86_64-debian-gcc, r-devel-linux-x86_64-fedora-clang, r-devel-linux-x86_64-fedora-gcc, r-devel-windows-x86_64, r-patched-linux-x86_64, r-release-linux-x86_64, r-release-macos-arm64, r-release-macos-x86_64, r-release-windows-x86_64

Version: 2.11.1
Check: installed package size
Result: NOTE installed size is 5.2Mb sub-directories of 1Mb or more: doc 1.5Mb libs 1.3Mb Flavors: r-devel-windows-x86_64, r-release-macos-arm64, r-release-macos-x86_64, r-release-windows-x86_64, r-oldrel-macos-arm64, r-oldrel-windows-x86_64

Version: 2.11.1
Check: package dependencies
Result: NOTE Package suggested but not available for checking: ‘seqLogo’ Flavor: r-release-macos-arm64

Version: 2.11.1
Check: package dependencies
Result: NOTE Packages suggested but not available for checking: 'Biostrings', 'seqLogo' Flavor: r-release-macos-x86_64