Last updated on 2024-05-21 16:53:26 CEST.
Flavor | Version | Tinstall | Tcheck | Ttotal | Status | Flags |
---|---|---|---|---|---|---|
r-devel-linux-x86_64-debian-clang | 0.2.0 | 12.06 | 39.61 | 51.67 | OK | |
r-devel-linux-x86_64-debian-gcc | 0.2.0 | 10.81 | 32.20 | 43.01 | OK | |
r-devel-linux-x86_64-fedora-clang | 0.2.0 | 68.36 | NOTE | |||
r-devel-linux-x86_64-fedora-gcc | 0.2.0 | 69.16 | NOTE | |||
r-devel-windows-x86_64 | 0.2.0 | 20.00 | 64.00 | 84.00 | OK | |
r-patched-linux-x86_64 | 0.2.0 | 10.41 | 38.12 | 48.53 | OK | |
r-release-linux-x86_64 | 0.2.0 | 11.32 | 38.95 | 50.27 | OK | |
r-release-macos-arm64 | 0.2.0 | 30.00 | OK | |||
r-release-windows-x86_64 | 0.2.0 | 20.00 | 63.00 | 83.00 | OK | |
r-oldrel-macos-arm64 | 0.2.0 | 39.00 | OK | |||
r-oldrel-macos-x86_64 | 0.2.0 | 99.00 | OK | |||
r-oldrel-windows-x86_64 | 0.2.0 | 25.00 | 75.00 | 100.00 | OK |
Version: 0.2.0
Check: data for non-ASCII characters
Result: NOTE
Note: found 3 marked UTF-8 strings
Flavors: r-devel-linux-x86_64-fedora-clang, r-devel-linux-x86_64-fedora-gcc