CRAN Package Check Results for Package phase

Last updated on 2024-03-03 01:00:52 CET.

Flavor Version Tinstall Tcheck Ttotal Status Flags
r-devel-linux-x86_64-debian-clang 1.2.9 17.21 140.46 157.67 NOTE
r-devel-linux-x86_64-debian-gcc 1.2.9 9.95 111.24 121.19 NOTE
r-devel-linux-x86_64-fedora-clang 1.2.9 190.68 NOTE
r-devel-linux-x86_64-fedora-gcc 1.2.9 187.53 NOTE
r-devel-windows-x86_64 1.2.9 13.00 118.00 131.00 OK
r-patched-linux-x86_64 1.2.9 16.40 142.43 158.83 OK
r-release-linux-x86_64 1.2.9 10.18 145.06 155.24 OK
r-release-macos-arm64 1.2.9 55.00 OK
r-release-macos-x86_64 1.2.9 86.00 OK
r-release-windows-x86_64 1.2.9 20.00 146.00 166.00 OK
r-oldrel-macos-arm64 1.2.9 41.00 OK
r-oldrel-windows-x86_64 1.2.9 20.00 139.00 159.00 OK

Check Details

Version: 1.2.9
Check: Rd files
Result: NOTE checkRd: (-1) rosePlotsAct.Rd:19: Lost braces; missing escapes or markup? 19 | A \code{plotly} {htmlwidget} with rose plots for locomotor activity. | ^ checkRd: (-1) rosePlotsSleep.Rd:19: Lost braces; missing escapes or markup? 19 | #' @return A \code{plotly} {htmlwidget} with rose plots for sleep data. | ^ Flavors: r-devel-linux-x86_64-debian-clang, r-devel-linux-x86_64-debian-gcc, r-devel-linux-x86_64-fedora-clang, r-devel-linux-x86_64-fedora-gcc