CRAN Package Check Results for Package pheble

Last updated on 2024-02-27 16:49:24 CET.

Flavor Version Tinstall Tcheck Ttotal Status Flags
r-devel-linux-x86_64-debian-clang 0.1.0 4.72 38.99 43.71 OK
r-devel-linux-x86_64-debian-gcc 0.1.0 3.46 29.62 33.08 OK
r-devel-linux-x86_64-fedora-clang 0.1.0 55.73 NOTE
r-devel-linux-x86_64-fedora-gcc 0.1.0 50.90 NOTE
r-devel-windows-x86_64 0.1.0 6.00 52.00 58.00 OK
r-patched-linux-x86_64 0.1.0 4.44 37.74 42.18 OK
r-release-linux-x86_64 0.1.0 2.87 38.27 41.14 OK
r-release-macos-arm64 0.1.0 23.00 OK
r-release-macos-x86_64 0.1.0 41.00 OK
r-release-windows-x86_64 0.1.0 8.00 58.00 66.00 OK
r-oldrel-macos-arm64 0.1.0 27.00 OK
r-oldrel-windows-x86_64 0.1.0 9.00 64.00 73.00 OK

Check Details

Version: 0.1.0
Check: package dependencies
Result: NOTE Imports includes 31 non-default packages. Importing from so many packages makes the package vulnerable to any of them becoming unavailable. Move as many as possible to Suggests and use conditionally. Flavor: r-devel-linux-x86_64-fedora-clang

Version: 0.1.0
Check: dependencies in R code
Result: NOTE Namespaces in Imports field not imported from: ‘C50’ ‘HDclassif’ ‘MASS’ ‘MLmetrics’ ‘Matrix’ ‘adabag’ ‘base’ ‘caTools’ ‘e1071’ ‘earth’ ‘evtree’ ‘frbs’ ‘glmnet’ ‘hda’ ‘ipred’ ‘kernlab’ ‘kknn’ ‘klaR’ ‘mda’ ‘nnet’ ‘party’ ‘pls’ ‘randomForest’ ‘rpartScore’ ‘sparseLDA’ ‘themis’ All declared Imports should be used. Flavors: r-devel-linux-x86_64-fedora-clang, r-devel-linux-x86_64-fedora-gcc