CRAN Package Check Results for Package photobiology

Last updated on 2024-03-03 01:00:52 CET.

Flavor Version Tinstall Tcheck Ttotal Status Flags
r-devel-linux-x86_64-debian-clang 0.11.0 26.20 244.81 271.01 OK
r-devel-linux-x86_64-debian-gcc 0.11.1 23.08 186.15 209.23 OK
r-devel-linux-x86_64-fedora-clang 0.11.1 360.22 OK
r-devel-linux-x86_64-fedora-gcc 0.11.1 333.42 OK
r-devel-windows-x86_64 0.11.1 29.00 253.00 282.00 OK
r-patched-linux-x86_64 0.11.1 43.47 243.96 287.43 OK
r-release-linux-x86_64 0.11.1 27.42 242.70 270.12 OK
r-release-macos-arm64 0.11.1 100.00 OK
r-release-macos-x86_64 0.11.1 237.00 NOTE
r-release-windows-x86_64 0.11.1 38.00 314.00 352.00 OK
r-oldrel-macos-arm64 0.11.1 82.00 OK
r-oldrel-windows-x86_64 0.11.1 37.00 226.00 263.00 OK

Check Details

Version: 0.11.1
Check: installed package size
Result: NOTE installed size is 5.8Mb sub-directories of 1Mb or more: R 2.1Mb help 2.1Mb Flavor: r-release-macos-x86_64