CRAN Package Check Results for Package phyloregion

Last updated on 2024-02-27 08:55:25 CET.

Flavor Version Tinstall Tcheck Ttotal Status Flags
r-devel-linux-x86_64-debian-clang 1.0.8 42.25 424.01 466.26 NOTE
r-devel-linux-x86_64-debian-gcc 1.0.8 33.36 312.75 346.11 NOTE
r-devel-linux-x86_64-fedora-clang 1.0.8 595.93 NOTE
r-devel-linux-x86_64-fedora-gcc 1.0.8 556.82 NOTE
r-devel-windows-x86_64 1.0.8 32.00 284.00 316.00 OK
r-patched-linux-x86_64 1.0.8 48.21 409.06 457.27 OK
r-release-linux-x86_64 1.0.8 38.74 411.10 449.84 OK
r-release-macos-arm64 1.0.8 135.00 NOTE
r-release-macos-x86_64 1.0.8 246.00 NOTE
r-release-windows-x86_64 1.0.8 41.00 363.00 404.00 OK
r-oldrel-macos-arm64 1.0.8 119.00 OK
r-oldrel-windows-x86_64 1.0.8 46.00 356.00 402.00 OK

Check Details

Version: 1.0.8
Check: Rd files
Result: NOTE checkRd: (-1) fitgom.Rd:87: Lost braces 87 | \item \code{theta} The ncol{counts} by K matrix of estimated | ^ checkRd: (-1) fitgom.Rd:89: Lost braces 89 | \item \code{omega} The nrow{counts} by K matrix of estimated | ^ Flavors: r-devel-linux-x86_64-debian-clang, r-devel-linux-x86_64-debian-gcc, r-devel-linux-x86_64-fedora-clang, r-devel-linux-x86_64-fedora-gcc

Version: 1.0.8
Check: Rd cross-references
Result: NOTE Undeclared package ‘picante’ in Rd xrefs Flavor: r-devel-linux-x86_64-fedora-clang

Version: 1.0.8
Check: package dependencies
Result: NOTE Package suggested but not available for checking: ‘phyloseq’ Flavors: r-release-macos-arm64, r-release-macos-x86_64