CRAN Package Check Results for Package piecepackr

Last updated on 2024-02-28 00:56:28 CET.

Flavor Version Tinstall Tcheck Ttotal Status Flags
r-devel-linux-x86_64-debian-clang 1.13.10 24.50 177.38 201.88 OK
r-devel-linux-x86_64-debian-gcc 1.13.10 23.00 130.67 153.67 OK
r-devel-linux-x86_64-fedora-clang 1.13.10 261.07 NOTE
r-devel-linux-x86_64-fedora-gcc 1.13.10 234.71 NOTE
r-devel-windows-x86_64 1.13.10 23.00 130.00 153.00 OK
r-patched-linux-x86_64 1.13.10 26.40 170.06 196.46 OK
r-release-linux-x86_64 1.13.10 24.98 169.59 194.57 OK
r-release-macos-arm64 1.13.10 71.00 OK
r-release-macos-x86_64 1.13.10 126.00 OK
r-release-windows-x86_64 1.13.10 33.00 164.00 197.00 OK
r-oldrel-macos-arm64 1.13.10 73.00 OK
r-oldrel-windows-x86_64 1.13.10 36.00 158.00 194.00 OK

Check Details

Version: 1.13.10
Check: data for non-ASCII characters
Result: NOTE Note: found 3 marked UTF-8 strings Flavors: r-devel-linux-x86_64-fedora-clang, r-devel-linux-x86_64-fedora-gcc