CRAN Package Check Results for Package pinochet

Last updated on 2024-03-03 01:00:52 CET.

Flavor Version Tinstall Tcheck Ttotal Status Flags
r-devel-linux-x86_64-debian-clang 0.1.0 2.11 28.42 30.53 OK
r-devel-linux-x86_64-debian-gcc 0.1.0 1.39 22.09 23.48 OK
r-devel-linux-x86_64-fedora-clang 0.1.0 40.28 NOTE
r-devel-linux-x86_64-fedora-gcc 0.1.0 47.37 NOTE
r-devel-windows-x86_64 0.1.0 2.00 45.00 47.00 OK
r-patched-linux-x86_64 0.1.0 2.39 27.89 30.28 OK
r-release-linux-x86_64 0.1.0 1.94 27.06 29.00 OK
r-release-macos-arm64 0.1.0 24.00 OK
r-release-macos-x86_64 0.1.0 34.00 OK
r-release-windows-x86_64 0.1.0 2.00 47.00 49.00 OK
r-oldrel-macos-arm64 0.1.0 19.00 OK
r-oldrel-windows-x86_64 0.1.0 4.00 48.00 52.00 OK

Check Details

Version: 0.1.0
Check: data for non-ASCII characters
Result: NOTE Note: found 2048 marked UTF-8 strings Flavors: r-devel-linux-x86_64-fedora-clang, r-devel-linux-x86_64-fedora-gcc