CRAN Package Check Results for Package pkgnews

Last updated on 2024-02-23 16:53:26 CET.

Flavor Version Tinstall Tcheck Ttotal Status Flags
r-devel-linux-x86_64-debian-clang 0.0.2 NOTE
r-devel-linux-x86_64-debian-gcc 0.0.2 1.55 17.08 18.63 NOTE
r-devel-linux-x86_64-fedora-clang 0.0.2 29.76 NOTE
r-devel-linux-x86_64-fedora-gcc 0.0.2 28.22 NOTE
r-devel-windows-x86_64 0.0.2 2.00 38.00 40.00 NOTE
r-patched-linux-x86_64 0.0.2 2.18 21.90 24.08 NOTE
r-release-linux-x86_64 0.0.2 2.03 21.54 23.57 NOTE
r-release-macos-arm64 0.0.2 15.00 NOTE
r-release-macos-x86_64 0.0.2 21.00 NOTE
r-release-windows-x86_64 0.0.2 4.00 38.00 42.00 NOTE
r-oldrel-macos-arm64 0.0.2 17.00 NOTE
r-oldrel-windows-x86_64 0.0.2 4.00 43.00 47.00 NOTE

Check Details

Version: 0.0.2
Check: LazyData
Result: NOTE 'LazyData' is specified without a 'data' directory Flavors: r-devel-linux-x86_64-debian-clang, r-devel-linux-x86_64-debian-gcc, r-devel-linux-x86_64-fedora-clang, r-devel-linux-x86_64-fedora-gcc, r-devel-windows-x86_64, r-patched-linux-x86_64, r-release-linux-x86_64, r-release-macos-arm64, r-release-macos-x86_64, r-release-windows-x86_64, r-oldrel-macos-arm64, r-oldrel-windows-x86_64