CRAN Package Check Results for Package pkgnews

Last updated on 2024-07-16 00:56:08 CEST.

Flavor Version Tinstall Tcheck Ttotal Status Flags
r-devel-linux-x86_64-debian-clang 0.0.2 1.92 22.50 24.42 NOTE
r-devel-linux-x86_64-debian-gcc 0.0.2 1.36 17.63 18.99 NOTE
r-devel-linux-x86_64-fedora-clang 0.0.2 31.39 NOTE
r-devel-linux-x86_64-fedora-gcc 0.0.2 29.15 NOTE
r-devel-windows-x86_64 0.0.2 2.00 40.00 42.00 NOTE
r-patched-linux-x86_64 0.0.2 2.01 21.10 23.11 NOTE
r-release-linux-x86_64 0.0.2 1.70 21.19 22.89 NOTE
r-release-macos-arm64 0.0.2 16.00 NOTE
r-release-macos-x86_64 0.0.2 20.00 NOTE
r-release-windows-x86_64 0.0.2 2.00 40.00 42.00 NOTE
r-oldrel-macos-arm64 0.0.2 15.00 NOTE
r-oldrel-macos-x86_64 0.0.2 21.00 NOTE
r-oldrel-windows-x86_64 0.0.2 2.00 39.00 41.00 NOTE

Check Details

Version: 0.0.2
Check: LazyData
Result: NOTE 'LazyData' is specified without a 'data' directory Flavors: r-devel-linux-x86_64-debian-clang, r-devel-linux-x86_64-debian-gcc, r-devel-linux-x86_64-fedora-clang, r-devel-linux-x86_64-fedora-gcc, r-devel-windows-x86_64, r-patched-linux-x86_64, r-release-linux-x86_64, r-release-macos-arm64, r-release-macos-x86_64, r-release-windows-x86_64, r-oldrel-macos-arm64, r-oldrel-macos-x86_64, r-oldrel-windows-x86_64