CRAN Package Check Results for Package plumber

Last updated on 2024-02-25 01:01:13 CET.

Flavor Version Tinstall Tcheck Ttotal Status Flags
r-devel-linux-x86_64-debian-clang 1.2.1 15.57 103.43 119.00 NOTE
r-devel-linux-x86_64-debian-gcc 1.2.1 12.48 76.04 88.52 OK
r-devel-linux-x86_64-fedora-clang 1.2.1 152.54 OK
r-devel-linux-x86_64-fedora-gcc 1.2.1 186.66 OK
r-devel-windows-x86_64 1.2.1 13.00 101.00 114.00 OK
r-patched-linux-x86_64 1.2.1 16.19 99.99 116.18 OK
r-release-linux-x86_64 1.2.1 12.90 99.30 112.20 OK
r-release-macos-arm64 1.2.1 61.00 OK
r-release-macos-x86_64 1.2.1 108.00 OK
r-release-windows-x86_64 1.2.1 18.00 118.00 136.00 OK
r-oldrel-macos-arm64 1.2.1 75.00 OK
r-oldrel-windows-x86_64 1.2.1 17.00 113.00 130.00 OK

Check Details

Version: 1.2.1
Check: package dependencies
Result: NOTE Package suggested but not available for checking: ‘arrow’ Flavor: r-devel-linux-x86_64-debian-clang