CRAN Package Check Results for Package pmhtutorial

Last updated on 2024-04-12 01:00:34 CEST.

Flavor Version Tinstall Tcheck Ttotal Status Flags
r-devel-linux-x86_64-debian-clang 1.5 3.55 32.74 36.29 NOTE
r-devel-linux-x86_64-debian-gcc 1.5 2.48 23.88 26.36 NOTE
r-devel-linux-x86_64-fedora-clang 1.5 43.48 NOTE
r-devel-linux-x86_64-fedora-gcc 1.5 41.60 NOTE
r-devel-windows-x86_64 1.5 4.00 47.00 51.00 NOTE
r-patched-linux-x86_64 1.5 2.48 31.38 33.86 NOTE
r-release-linux-x86_64 1.5 3.44 30.05 33.49 NOTE
r-release-macos-arm64 1.5 19.00 NOTE
r-release-macos-x86_64 1.5 26.00 NOTE
r-release-windows-x86_64 1.5 4.00 48.00 52.00 NOTE
r-oldrel-macos-arm64 1.5 19.00 NOTE
r-oldrel-windows-x86_64 1.5 5.00 50.00 55.00 NOTE

Check Details

Version: 1.5
Check: LazyData
Result: NOTE 'LazyData' is specified without a 'data' directory Flavors: r-devel-linux-x86_64-debian-clang, r-devel-linux-x86_64-debian-gcc, r-devel-linux-x86_64-fedora-clang, r-devel-linux-x86_64-fedora-gcc, r-devel-windows-x86_64, r-patched-linux-x86_64, r-release-linux-x86_64, r-release-macos-arm64, r-release-macos-x86_64, r-release-windows-x86_64, r-oldrel-macos-arm64, r-oldrel-windows-x86_64