CRAN Package Check Results for Package polypharmacy

Last updated on 2024-03-03 01:00:52 CET.

Flavor Version Tinstall Tcheck Ttotal Status Flags
r-devel-linux-x86_64-debian-clang 1.0.0 3.67 46.82 50.49 NOTE
r-devel-linux-x86_64-debian-gcc 1.0.0 4.05 35.21 39.26 NOTE
r-devel-linux-x86_64-fedora-clang 1.0.0 67.53 NOTE
r-devel-linux-x86_64-fedora-gcc 1.0.0 59.91 NOTE
r-devel-windows-x86_64 1.0.0 6.00 58.00 64.00 OK
r-patched-linux-x86_64 1.0.0 6.13 46.09 52.22 OK
r-release-linux-x86_64 1.0.0 5.22 45.53 50.75 OK
r-release-macos-arm64 1.0.0 23.00 OK
r-release-macos-x86_64 1.0.0 33.00 OK
r-release-windows-x86_64 1.0.0 7.00 66.00 73.00 OK
r-oldrel-macos-arm64 1.0.0 18.00 OK
r-oldrel-windows-x86_64 1.0.0 7.00 62.00 69.00 OK

Check Details

Version: 1.0.0
Check: Rd files
Result: NOTE checkRd: (-1) stat_quantile_prob.Rd:14: Lost braces; missing escapes or markup? 14 | Number {25, 50, 75} | ^ Flavors: r-devel-linux-x86_64-debian-clang, r-devel-linux-x86_64-debian-gcc, r-devel-linux-x86_64-fedora-clang, r-devel-linux-x86_64-fedora-gcc