CRAN Package Check Results for Package postcards

Last updated on 2024-02-24 08:49:46 CET.

Flavor Version Tinstall Tcheck Ttotal Status Flags
r-devel-linux-x86_64-debian-clang 0.2.3 2.54 22.31 24.85 OK
r-devel-linux-x86_64-debian-gcc 0.2.3 1.98 17.47 19.45 OK
r-devel-linux-x86_64-fedora-clang 0.2.3 30.65 NOTE
r-devel-linux-x86_64-fedora-gcc 0.2.3 29.18 OK
r-devel-windows-x86_64 0.2.3 3.00 39.00 42.00 OK
r-patched-linux-x86_64 0.2.3 1.97 22.11 24.08 OK
r-release-linux-x86_64 0.2.3 2.07 22.13 24.20 OK
r-release-macos-arm64 0.2.3 15.00 OK
r-release-macos-x86_64 0.2.3 20.00 OK
r-release-windows-x86_64 0.2.3 4.00 39.00 43.00 OK
r-oldrel-macos-arm64 0.2.3 15.00 OK
r-oldrel-windows-x86_64 0.2.3 4.00 45.00 49.00 OK

Check Details

Version: 0.2.3
Check: Rd cross-references
Result: NOTE Undeclared package ‘bslib’ in Rd xrefs Flavor: r-devel-linux-x86_64-fedora-clang