CRAN Package Check Results for Package precmed

Last updated on 2024-02-23 16:53:26 CET.

Flavor Version Tinstall Tcheck Ttotal Status Flags
r-devel-linux-x86_64-debian-clang 1.0.0 NOTE
r-devel-linux-x86_64-debian-gcc 1.0.0 15.36 115.65 131.01 NOTE
r-devel-linux-x86_64-fedora-clang 1.0.0 226.22 OK
r-devel-linux-x86_64-fedora-gcc 1.0.0 206.73 OK
r-devel-windows-x86_64 1.0.0 18.00 137.00 155.00 OK
r-patched-linux-x86_64 1.0.0 18.41 151.77 170.18 OK
r-release-linux-x86_64 1.0.0 17.78 152.68 170.46 OK
r-release-macos-arm64 1.0.0 84.00 OK
r-release-macos-x86_64 1.0.0 110.00 OK
r-release-windows-x86_64 1.0.0 24.00 165.00 189.00 OK
r-oldrel-macos-arm64 1.0.0 62.00 OK
r-oldrel-windows-x86_64 1.0.0 26.00 158.00 184.00 OK

Check Details

Version: 1.0.0
Check: Rd files
Result: NOTE checkRd: (-1) catecvcount.Rd:166-167: Lost braces in \itemize; \value handles \item{}{} directly checkRd: (-1) catecvcount.Rd:169-174: Lost braces in \itemize; \value handles \item{}{} directly checkRd: (-1) catecvcount.Rd:175-180: Lost braces in \itemize; \value handles \item{}{} directly checkRd: (-1) catecvcount.Rd:181-182: Lost braces in \itemize; \value handles \item{}{} directly checkRd: (-1) catecvcount.Rd:183-184: Lost braces in \itemize; \value handles \item{}{} directly checkRd: (-1) catecvcount.Rd:185-189: Lost braces in \itemize; \value handles \item{}{} directly checkRd: (-1) catecvcount.Rd:190-191: Lost braces in \itemize; \value handles \item{}{} directly checkRd: (-1) catecvcount.Rd:192-194: Lost braces in \itemize; \value handles \item{}{} directly checkRd: (-1) catecvcount.Rd:196-197: Lost braces in \itemize; \value handles \item{}{} directly checkRd: (-1) catecvcount.Rd:198-199: Lost braces in \itemize; \value handles \item{}{} directly checkRd: (-1) catecvcount.Rd:200-202: Lost braces in \itemize; \value handles \item{}{} directly checkRd: (-1) catecvcount.Rd:204-206: Lost braces in \itemize; \value handles \item{}{} directly checkRd: (-1) catecvcount.Rd:208-209: Lost braces in \itemize; \value handles \item{}{} directly checkRd: (-1) catecvcount.Rd:210: Lost braces in \itemize; \value handles \item{}{} directly checkRd: (-1) catecvcount.Rd:212-213: Lost braces in \itemize; \value handles \item{}{} directly checkRd: (-1) catecvcount.Rd:214-215: Lost braces in \itemize; \value handles \item{}{} directly checkRd: (-1) catecvcount.Rd:216-217: Lost braces in \itemize; \value handles \item{}{} directly checkRd: (-1) catecvcount.Rd:219-221: Lost braces in \itemize; \value handles \item{}{} directly checkRd: (-1) catecvcount.Rd:222-224: Lost braces in \itemize; \value handles \item{}{} directly checkRd: (-1) catecvcount.Rd:225: Lost braces in \itemize; \value handles \item{}{} directly checkRd: (-1) catecvcount.Rd:226: Lost braces in \itemize; \value handles \item{}{} directly checkRd: (-1) catecvcount.Rd:227: Lost braces in \itemize; \value handles \item{}{} directly checkRd: (-1) catecvcount.Rd:228: Lost braces in \itemize; \value handles \item{}{} directly checkRd: (-1) catecvcount.Rd:229: Lost braces in \itemize; \value handles \item{}{} directly checkRd: (-1) catecvcount.Rd:230-232: Lost braces in \itemize; \value handles \item{}{} directly checkRd: (-1) catecvmean.Rd:168-169: Lost braces in \itemize; \value handles \item{}{} directly checkRd: (-1) catecvmean.Rd:171-176: Lost braces in \itemize; \value handles \item{}{} directly checkRd: (-1) catecvmean.Rd:177-182: Lost braces in \itemize; \value handles \item{}{} directly checkRd: (-1) catecvmean.Rd:183-184: Lost braces in \itemize; \value handles \item{}{} directly checkRd: (-1) catecvmean.Rd:185-186: Lost braces in \itemize; \value handles \item{}{} directly checkRd: (-1) catecvmean.Rd:187-191: Lost braces in \itemize; \value handles \item{}{} directly checkRd: (-1) catecvmean.Rd:192-193: Lost braces in \itemize; \value handles \item{}{} directly checkRd: (-1) catecvmean.Rd:194-196: Lost braces in \itemize; \value handles \item{}{} directly checkRd: (-1) catecvmean.Rd:198-199: Lost braces in \itemize; \value handles \item{}{} directly checkRd: (-1) catecvmean.Rd:200-201: Lost braces in \itemize; \value handles \item{}{} directly checkRd: (-1) catecvmean.Rd:202-203: Lost braces in \itemize; \value handles \item{}{} directly checkRd: (-1) catecvmean.Rd:204-205: Lost braces in \itemize; \value handles \item{}{} directly checkRd: (-1) catecvmean.Rd:206-207: Lost braces in \itemize; \value handles \item{}{} directly checkRd: (-1) catecvmean.Rd:208: Lost braces in \itemize; \value handles \item{}{} directly checkRd: (-1) catecvmean.Rd:210-211: Lost braces in \itemize; \value handles \item{}{} directly checkRd: (-1) catecvmean.Rd:212-213: Lost braces in \itemize; \value handles \item{}{} directly checkRd: (-1) catecvmean.Rd:214-215: Lost braces in \itemize; \value handles \item{}{} directly checkRd: (-1) catecvmean.Rd:217-219: Lost braces in \itemize; \value handles \item{}{} directly checkRd: (-1) catecvmean.Rd:220-222: Lost braces in \itemize; \value handles \item{}{} directly checkRd: (-1) catecvmean.Rd:223: Lost braces in \itemize; \value handles \item{}{} directly checkRd: (-1) catecvmean.Rd:224: Lost braces in \itemize; \value handles \item{}{} directly checkRd: (-1) catecvmean.Rd:225: Lost braces in \itemize; \value handles \item{}{} directly checkRd: (-1) catecvmean.Rd:226: Lost braces in \itemize; \value handles \item{}{} directly checkRd: (-1) catecvmean.Rd:227-229: Lost braces in \itemize; \value handles \item{}{} directly checkRd: (-1) catecvsurv.Rd:180-181: Lost braces in \itemize; \value handles \item{}{} directly checkRd: (-1) catecvsurv.Rd:183-188: Lost braces in \itemize; \value handles \item{}{} directly checkRd: (-1) catecvsurv.Rd:189-194: Lost braces in \itemize; \value handles \item{}{} directly checkRd: (-1) catecvsurv.Rd:195-196: Lost braces in \itemize; \value handles \item{}{} directly checkRd: (-1) catecvsurv.Rd:197-198: Lost braces in \itemize; \value handles \item{}{} directly checkRd: (-1) catecvsurv.Rd:199-203: Lost braces in \itemize; \value handles \item{}{} directly checkRd: (-1) catecvsurv.Rd:204-205: Lost braces in \itemize; \value handles \item{}{} directly checkRd: (-1) catecvsurv.Rd:206-208: Lost braces in \itemize; \value handles \item{}{} directly checkRd: (-1) catecvsurv.Rd:210-211: Lost braces in \itemize; \value handles \item{}{} directly checkRd: (-1) catecvsurv.Rd:212-213: Lost braces in \itemize; \value handles \item{}{} directly checkRd: (-1) catecvsurv.Rd:214-215: Lost braces in \itemize; \value handles \item{}{} directly checkRd: (-1) catecvsurv.Rd:216-218: Lost braces in \itemize; \value handles \item{}{} directly checkRd: (-1) catecvsurv.Rd:220-222: Lost braces in \itemize; \value handles \item{}{} directly checkRd: (-1) catecvsurv.Rd:224-225: Lost braces in \itemize; \value handles \item{}{} directly checkRd: (-1) catecvsurv.Rd:227-232: Lost braces in \itemize; \value handles \item{}{} directly checkRd: (-1) catecvsurv.Rd:233-238: Lost braces in \itemize; \value handles \item{}{} directly checkRd: (-1) catecvsurv.Rd:239-240: Lost braces in \itemize; \value handles \item{}{} directly checkRd: (-1) catecvsurv.Rd:241-242: Lost braces in \itemize; \value handles \item{}{} directly checkRd: (-1) catecvsurv.Rd:243-247: Lost braces in \itemize; \value handles \item{}{} directly checkRd: (-1) catecvsurv.Rd:248-249: Lost braces in \itemize; \value handles \item{}{} directly checkRd: (-1) catecvsurv.Rd:251-252: Lost braces in \itemize; \value handles \item{}{} directly checkRd: (-1) catecvsurv.Rd:253-254: Lost braces in \itemize; \value handles \item{}{} directly checkRd: (-1) catecvsurv.Rd:255-256: Lost braces in \itemize; \value handles \item{}{} directly checkRd: (-1) catecvsurv.Rd:257-290: Lost braces in \itemize; \value handles \item{}{} directly checkRd: (-1) catecvsurv.Rd:259: Lost braces 259 | \item{\code{props}: }{A list of 3 elements:} | ^ checkRd: (-1) catecvsurv.Rd:259: Lost braces 259 | \item{\code{props}: }{A list of 3 elements:} | ^ checkRd: (-1) catecvsurv.Rd:261-262: Lost braces in \itemize; \value handles \item{}{} directly checkRd: (-1) catecvsurv.Rd:263-264: Lost braces in \itemize; \value handles \item{}{} directly checkRd: (-1) catecvsurv.Rd:265-266: Lost braces in \itemize; \value handles \item{}{} directly checkRd: (-1) catecvsurv.Rd:268: Lost braces 268 | \item{\code{overall.ate.train}: }{A vector of numerical values of length \code{cv.n}. | ^ checkRd: (-1) catecvsurv.Rd:268-270: Lost braces 268 | \item{\code{overall.ate.train}: }{A vector of numerical values of length \code{cv.n}. | ^ checkRd: (-1) catecvsurv.Rd:271: Lost braces 271 | \item{\code{overall.hr.train}: }{A vector of numerical values of length \code{cv.n}. | ^ checkRd: (-1) catecvsurv.Rd:271-273: Lost braces 271 | \item{\code{overall.hr.train}: }{A vector of numerical values of length \code{cv.n}. | ^ checkRd: (-1) catecvsurv.Rd:274: Lost braces 274 | \item{\code{overall.ate.valid}: }{A vector of numerical values of length \code{cv.n}. | ^ checkRd: (-1) catecvsurv.Rd:274-276: Lost braces 274 | \item{\code{overall.ate.valid}: }{A vector of numerical values of length \code{cv.n}. | ^ checkRd: (-1) catecvsurv.Rd:277: Lost braces 277 | \item{\code{overall.hr.valid}: }{A vector of numerical values of length \code{cv.n}. | ^ checkRd: (-1) catecvsurv.Rd:277-279: Lost braces 277 | \item{\code{overall.hr.valid}: }{A vector of numerical values of length \code{cv.n}. | ^ checkRd: (-1) catecvsurv.Rd:280: Lost braces 280 | \item{\code{errors/warnings}: }{A nested list of errors and warnings that were wrapped during the | ^ checkRd: (-1) catecvsurv.Rd:280-282: Lost braces 280 | \item{\code{errors/warnings}: }{A nested list of errors and warnings that were wrapped during the | ^ checkRd: (-1) catecvsurv.Rd:283: Lost braces 283 | \item{\code{higher.y}: }{The original \code{higher.y} argument.} | ^ checkRd: (-1) catecvsurv.Rd:283: Lost braces 283 | \item{\code{higher.y}: }{The original \code{higher.y} argument.} | ^ checkRd: (-1) catecvsurv.Rd:284: Lost braces 284 | \item{\code{abc}: }{The original \code{abc} argument.} | ^ checkRd: (-1) catecvsurv.Rd:284: Lost braces 284 | \item{\code{abc}: }{The original \code{abc} argument.} | ^ checkRd: (-1) catecvsurv.Rd:285: Lost braces 285 | \item{\code{cv.n}: }{The original \code{cv.n} argument.} | ^ checkRd: (-1) catecvsurv.Rd:285: Lost braces 285 | \item{\code{cv.n}: }{The original \code{cv.n} argument.} | ^ checkRd: (-1) catecvsurv.Rd:286: Lost braces 286 | \item{\code{response}: }{The type of response. Always 'survival' for this function.} | ^ checkRd: (-1) catecvsurv.Rd:286: Lost braces 286 | \item{\code{response}: }{The type of response. Always 'survival' for this function.} | ^ checkRd: (-1) catecvsurv.Rd:287: Lost braces 287 | \item{\code{formulas}:}{A list of 3 elements: (1) \code{cate.model} argument, | ^ checkRd: (-1) catecvsurv.Rd:287-289: Lost braces 287 | \item{\code{formulas}:}{A list of 3 elements: (1) \code{cate.model} argument, | ^ checkRd: (-1) catefitcount.Rd:127-130: Lost braces in \itemize; \value handles \item{}{} directly checkRd: (-1) catefitcount.Rd:131-133: Lost braces in \itemize; \value handles \item{}{} directly checkRd: (-1) catefitcount.Rd:134-136: Lost braces in \itemize; \value handles \item{}{} directly checkRd: (-1) catefitcount.Rd:137-139: Lost braces in \itemize; \value handles \item{}{} directly checkRd: (-1) catefitcount.Rd:140-142: Lost braces in \itemize; \value handles \item{}{} directly checkRd: (-1) catefitcount.Rd:143-146: Lost braces in \itemize; \value handles \item{}{} directly checkRd: (-1) catefitcount.Rd:147-149: Lost braces in \itemize; \value handles \item{}{} directly checkRd: (-1) catefitcount.Rd:150-152: Lost braces in \itemize; \value handles \item{}{} directly checkRd: (-1) catefitcount.Rd:153-155: Lost braces in \itemize; \value handles \item{}{} directly checkRd: (-1) catefitcount.Rd:156-158: Lost braces in \itemize; \value handles \item{}{} directly checkRd: (-1) catefitcount.Rd:159-160: Lost braces in \itemize; \value handles \item{}{} directly checkRd: (-1) catefitcount.Rd:162-164: Lost braces in \itemize; \value handles \item{}{} directly checkRd: (-1) catefitcount.Rd:165-167: Lost braces in \itemize; \value handles \item{}{} directly checkRd: (-1) catefitcount.Rd:169-175: Lost braces in \itemize; \value handles \item{}{} directly checkRd: (-1) catefitmean.Rd:136-139: Lost braces in \itemize; \value handles \item{}{} directly checkRd: (-1) catefitmean.Rd:140-142: Lost braces in \itemize; \value handles \item{}{} directly checkRd: (-1) catefitmean.Rd:143-145: Lost braces in \itemize; \value handles \item{}{} directly checkRd: (-1) catefitmean.Rd:146-148: Lost braces in \itemize; \value handles \item{}{} directly checkRd: (-1) catefitmean.Rd:149-151: Lost braces in \itemize; \value handles \item{}{} directly checkRd: (-1) catefitmean.Rd:152-154: Lost braces in \itemize; \value handles \item{}{} directly checkRd: (-1) catefitmean.Rd:155-158: Lost braces in \itemize; \value handles \item{}{} directly checkRd: (-1) catefitmean.Rd:159-161: Lost braces in \itemize; \value handles \item{}{} directly checkRd: (-1) catefitmean.Rd:162-164: Lost braces in \itemize; \value handles \item{}{} directly checkRd: (-1) catefitmean.Rd:165-167: Lost braces in \itemize; \value handles \item{}{} directly checkRd: (-1) catefitmean.Rd:168-170: Lost braces in \itemize; \value handles \item{}{} directly checkRd: (-1) catefitmean.Rd:171-173: Lost braces in \itemize; \value handles \item{}{} directly checkRd: (-1) catefitmean.Rd:174-175: Lost braces in \itemize; \value handles \item{}{} directly checkRd: (-1) catefitmean.Rd:177-179: Lost braces in \itemize; \value handles \item{}{} directly checkRd: (-1) catefitmean.Rd:180-182: Lost braces in \itemize; \value handles \item{}{} directly checkRd: (-1) catefitmean.Rd:183-185: Lost braces in \itemize; \value handles \item{}{} directly checkRd: (-1) catefitmean.Rd:186-188: Lost braces in \itemize; \value handles \item{}{} directly checkRd: (-1) catefitmean.Rd:190-196: Lost braces in \itemize; \value handles \item{}{} directly checkRd: (-1) catefitsurv.Rd:153-156: Lost braces in \itemize; \value handles \item{}{} directly checkRd: (-1) catefitsurv.Rd:157-159: Lost braces in \itemize; \value handles \item{}{} directly checkRd: (-1) catefitsurv.Rd:160-162: Lost braces in \itemize; \value handles \item{}{} directly checkRd: (-1) catefitsurv.Rd:163-165: Lost braces in \itemize; \value handles \item{}{} directly checkRd: (-1) catefitsurv.Rd:166-168: Lost braces in \itemize; \value handles \item{}{} directly checkRd: (-1) catefitsurv.Rd:169-172: Lost braces in \itemize; \value handles \item{}{} directly checkRd: (-1) catefitsurv.Rd:173-175: Lost braces in \itemize; \value handles \item{}{} directly checkRd: (-1) catefitsurv.Rd:176-178: Lost braces in \itemize; \value handles \item{}{} directly checkRd: (-1) catefitsurv.Rd:179-181: Lost braces in \itemize; \value handles \item{}{} directly checkRd: (-1) catefitsurv.Rd:182-184: Lost braces in \itemize; \value handles \item{}{} directly checkRd: (-1) catefitsurv.Rd:185-188: Lost braces in \itemize; \value handles \item{}{} directly checkRd: (-1) catefitsurv.Rd:189-191: Lost braces in \itemize; \value handles \item{}{} directly checkRd: (-1) catefitsurv.Rd:192-194: Lost braces in \itemize; \value handles \item{}{} directly checkRd: (-1) catefitsurv.Rd:195-197: Lost braces in \itemize; \value handles \item{}{} directly checkRd: (-1) catefitsurv.Rd:198-200: Lost braces in \itemize; \value handles \item{}{} directly checkRd: (-1) catefitsurv.Rd:201-202: Lost braces in \itemize; \value handles \item{}{} directly checkRd: (-1) catefitsurv.Rd:204-206: Lost braces in \itemize; \value handles \item{}{} directly checkRd: (-1) catefitsurv.Rd:207-210: Lost braces in \itemize; \value handles \item{}{} directly checkRd: (-1) catefitsurv.Rd:211-212: Lost braces in \itemize; \value handles \item{}{} directly checkRd: (-1) catefitsurv.Rd:214-221: Lost braces in \itemize; \value handles \item{}{} directly checkRd: (-1) catefitsurv.Rd:222-223: Lost braces in \itemize; \value handles \item{}{} directly checkRd: (-1) drcount.Rd:23: Lost braces; missing escapes or markup? 23 | \item{trt}{A numeric vector (in {0, 1}) of size \code{n} with each element | ^ checkRd: (-1) drmean.Rd:22: Lost braces; missing escapes or markup? 22 | \item{trt}{A numeric vector (in {0, 1}) of size \code{n} with each element | ^ Flavors: r-devel-linux-x86_64-debian-clang, r-devel-linux-x86_64-debian-gcc