CRAN Package Check Results for Package precondition

Last updated on 2024-02-29 08:49:03 CET.

Flavor Version Tinstall Tcheck Ttotal Status Flags
r-devel-linux-x86_64-debian-clang 0.1.0 2.39 28.35 30.74 NOTE
r-devel-linux-x86_64-debian-gcc 0.1.0 2.40 21.51 23.91 NOTE
r-devel-linux-x86_64-fedora-clang 0.1.0 38.28 NOTE
r-devel-linux-x86_64-fedora-gcc 0.1.0 36.29 NOTE
r-devel-windows-x86_64 0.1.0 4.00 52.00 56.00 OK
r-patched-linux-x86_64 0.1.0 3.16 27.59 30.75 OK
r-release-linux-x86_64 0.1.0 2.81 27.15 29.96 OK
r-release-macos-arm64 0.1.0 18.00 OK
r-release-macos-x86_64 0.1.0 26.00 OK
r-release-windows-x86_64 0.1.0 5.00 47.00 52.00 OK
r-oldrel-macos-arm64 0.1.0 19.00 OK
r-oldrel-windows-x86_64 0.1.0 7.00 48.00 55.00 OK

Check Details

Version: 0.1.0
Check: Rd files
Result: NOTE checkRd: (-1) diagnose_expressions.Rd:39: Lost braces 39 | \item wrapping a function argument in two curly braces (e.g. `{{arg}} > 0) means | ^ Flavors: r-devel-linux-x86_64-debian-clang, r-devel-linux-x86_64-debian-gcc, r-devel-linux-x86_64-fedora-clang, r-devel-linux-x86_64-fedora-gcc