CRAN Package Check Results for Package predictoR

Last updated on 2024-02-29 00:55:49 CET.

Flavor Version Tinstall Tcheck Ttotal Status Flags
r-devel-linux-x86_64-debian-clang 3.0.3 28.39 203.82 232.21 NOTE
r-devel-linux-x86_64-debian-gcc 3.0.3 26.69 150.16 176.85 NOTE
r-devel-linux-x86_64-fedora-clang 3.0.3 297.23 NOTE
r-devel-linux-x86_64-fedora-gcc 3.0.3 275.21 NOTE
r-devel-windows-x86_64 3.0.3 29.00 143.00 172.00 OK
r-patched-linux-x86_64 3.0.3 28.60 196.96 225.56 OK
r-release-linux-x86_64 3.0.3 22.59 199.01 221.60 OK
r-release-macos-arm64 3.0.3 64.00 OK
r-release-macos-x86_64 3.0.3 172.00 OK
r-release-windows-x86_64 3.0.3 38.00 178.00 216.00 OK
r-oldrel-macos-arm64 3.0.3 80.00 OK
r-oldrel-windows-x86_64 3.0.3 38.00 187.00 225.00 OK

Check Details

Version: 3.0.3
Check: Rd files
Result: NOTE checkRd: (-1) app_server.Rd:10: Lost braces; missing escapes or markup? 10 | \item{input, output, session}{Internal parameters for {shiny}. | ^ Flavors: r-devel-linux-x86_64-debian-clang, r-devel-linux-x86_64-debian-gcc, r-devel-linux-x86_64-fedora-clang, r-devel-linux-x86_64-fedora-gcc