Last updated on 2024-05-04 16:54:17 CEST.
Flavor | Version | Tinstall | Tcheck | Ttotal | Status | Flags |
---|---|---|---|---|---|---|
r-devel-linux-x86_64-debian-clang | 3.0.3 | 32.62 | 208.26 | 240.88 | NOTE | |
r-devel-linux-x86_64-debian-gcc | 3.0.3 | 28.28 | 148.10 | 176.38 | NOTE | |
r-devel-linux-x86_64-fedora-clang | 3.0.3 | 292.37 | NOTE | |||
r-devel-linux-x86_64-fedora-gcc | 3.0.3 | 288.60 | NOTE | |||
r-devel-windows-x86_64 | 3.0.3 | 28.00 | 141.00 | 169.00 | NOTE | |
r-patched-linux-x86_64 | 3.0.3 | 21.24 | 194.27 | 215.51 | NOTE | |
r-release-linux-x86_64 | 3.0.3 | 27.41 | 195.36 | 222.77 | NOTE | |
r-release-macos-arm64 | 3.0.3 | 64.00 | NOTE | |||
r-release-windows-x86_64 | 3.0.3 | 27.00 | 139.00 | 166.00 | NOTE | |
r-oldrel-macos-arm64 | 3.0.3 | 64.00 | OK | |||
r-oldrel-macos-x86_64 | 3.0.3 | 172.00 | OK | |||
r-oldrel-windows-x86_64 | 3.0.3 | 39.00 | 177.00 | 216.00 | OK |
Version: 3.0.3
Check: Rd files
Result: NOTE
checkRd: (-1) app_server.Rd:10: Lost braces; missing escapes or markup?
10 | \item{input, output, session}{Internal parameters for {shiny}.
| ^
Flavors: r-devel-linux-x86_64-debian-clang, r-devel-linux-x86_64-debian-gcc, r-devel-linux-x86_64-fedora-clang, r-devel-linux-x86_64-fedora-gcc, r-devel-windows-x86_64, r-patched-linux-x86_64, r-release-linux-x86_64, r-release-macos-arm64, r-release-windows-x86_64