CRAN Package Check Results for Package predkmeans

Last updated on 2024-02-24 08:49:46 CET.

Flavor Version Tinstall Tcheck Ttotal Status Flags
r-devel-linux-x86_64-debian-clang 0.1.1 34.02 44.26 78.28 NOTE
r-devel-linux-x86_64-debian-gcc 0.1.1 28.27 34.07 62.34 NOTE
r-devel-linux-x86_64-fedora-clang 0.1.1 113.61 NOTE
r-devel-linux-x86_64-fedora-gcc 0.1.1 107.90 NOTE
r-devel-windows-x86_64 0.1.1 28.00 70.00 98.00 NOTE
r-patched-linux-x86_64 0.1.1 34.84 44.48 79.32 NOTE
r-release-linux-x86_64 0.1.1 34.92 44.14 79.06 NOTE
r-release-macos-arm64 0.1.1 35.00 NOTE
r-release-macos-x86_64 0.1.1 50.00 NOTE
r-release-windows-x86_64 0.1.1 36.00 86.00 122.00 NOTE
r-oldrel-macos-arm64 0.1.1 29.00 NOTE
r-oldrel-windows-x86_64 0.1.1 33.00 81.00 114.00 NOTE

Check Details

Version: 0.1.1
Check: LazyData
Result: NOTE 'LazyData' is specified without a 'data' directory Flavors: r-devel-linux-x86_64-debian-clang, r-devel-linux-x86_64-debian-gcc, r-devel-linux-x86_64-fedora-clang, r-devel-linux-x86_64-fedora-gcc, r-devel-windows-x86_64, r-patched-linux-x86_64, r-release-linux-x86_64, r-release-macos-arm64, r-release-macos-x86_64, r-release-windows-x86_64, r-oldrel-macos-arm64, r-oldrel-windows-x86_64