CRAN Package Check Results for Package predtools

Last updated on 2024-02-22 08:54:17 CET.

Flavor Version Tinstall Tcheck Ttotal Status Flags
r-devel-linux-x86_64-debian-clang 0.0.3 NOTE
r-devel-linux-x86_64-debian-gcc 0.0.3 19.15 59.71 78.86 NOTE
r-devel-linux-x86_64-fedora-clang 0.0.3 143.57 OK
r-devel-linux-x86_64-fedora-gcc 0.0.3 139.53 OK
r-devel-windows-x86_64 0.0.3 23.00 95.00 118.00 OK
r-patched-linux-x86_64 0.0.3 24.40 76.01 100.41 OK
r-release-linux-x86_64 0.0.3 20.11 75.97 96.08 OK
r-release-macos-arm64 0.0.3 51.00 OK
r-release-macos-x86_64 0.0.3 76.00 OK
r-release-windows-x86_64 0.0.3 29.00 110.00 139.00 OK
r-oldrel-macos-arm64 0.0.3 50.00 OK
r-oldrel-windows-x86_64 0.0.3 30.00 114.00 144.00 OK

Check Details

Version: 0.0.3
Check: Rd files
Result: NOTE checkRd: (-1) dev_data.Rd:10: Lost braces in \itemize; meant \describe ? checkRd: (-1) dev_data.Rd:11: Lost braces in \itemize; meant \describe ? checkRd: (-1) dev_data.Rd:12: Lost braces in \itemize; meant \describe ? checkRd: (-1) dev_data.Rd:13: Lost braces in \itemize; meant \describe ? checkRd: (-1) dev_data.Rd:14: Lost braces in \itemize; meant \describe ? checkRd: (-1) gusto.Rd:10: Lost braces in \itemize; meant \describe ? checkRd: (-1) gusto.Rd:11: Lost braces in \itemize; meant \describe ? checkRd: (-1) gusto.Rd:12: Lost braces in \itemize; meant \describe ? checkRd: (-1) gusto.Rd:13: Lost braces in \itemize; meant \describe ? checkRd: (-1) gusto.Rd:14: Lost braces in \itemize; meant \describe ? checkRd: (-1) val_data.Rd:10: Lost braces in \itemize; meant \describe ? checkRd: (-1) val_data.Rd:11: Lost braces in \itemize; meant \describe ? checkRd: (-1) val_data.Rd:12: Lost braces in \itemize; meant \describe ? checkRd: (-1) val_data.Rd:13: Lost braces in \itemize; meant \describe ? checkRd: (-1) val_data.Rd:14: Lost braces in \itemize; meant \describe ? Flavors: r-devel-linux-x86_64-debian-clang, r-devel-linux-x86_64-debian-gcc