CRAN Package Check Results for Package predtoolsTS

Last updated on 2024-06-20 08:54:55 CEST.

Flavor Version Tinstall Tcheck Ttotal Status Flags
r-devel-linux-x86_64-debian-clang 0.1.1 3.26 50.23 53.49 NOTE
r-devel-linux-x86_64-debian-gcc 0.1.1 2.98 38.09 41.07 NOTE
r-devel-linux-x86_64-fedora-clang 0.1.1 68.61 NOTE
r-devel-linux-x86_64-fedora-gcc 0.1.1 64.26 NOTE
r-devel-windows-x86_64 0.1.1 5.00 66.00 71.00 NOTE
r-patched-linux-x86_64 0.1.1 2.53 51.25 53.78 NOTE
r-release-linux-x86_64 0.1.1 2.23 50.57 52.80 NOTE
r-release-macos-arm64 0.1.1 24.00 NOTE
r-release-macos-x86_64 0.1.1 34.00 NOTE
r-release-windows-x86_64 0.1.1 5.00 69.00 74.00 NOTE
r-oldrel-macos-arm64 0.1.1 27.00 NOTE
r-oldrel-macos-x86_64 0.1.1 35.00 NOTE
r-oldrel-windows-x86_64 0.1.1 5.00 75.00 80.00 NOTE

Check Details

Version: 0.1.1
Check: LazyData
Result: NOTE 'LazyData' is specified without a 'data' directory Flavors: r-devel-linux-x86_64-debian-clang, r-devel-linux-x86_64-debian-gcc, r-devel-linux-x86_64-fedora-clang, r-devel-linux-x86_64-fedora-gcc, r-devel-windows-x86_64, r-patched-linux-x86_64, r-release-linux-x86_64, r-release-macos-arm64, r-release-macos-x86_64, r-release-windows-x86_64, r-oldrel-macos-arm64, r-oldrel-macos-x86_64, r-oldrel-windows-x86_64