CRAN Package Check Results for Package pressuRe

Last updated on 2024-03-03 01:00:52 CET.

Flavor Version Tinstall Tcheck Ttotal Status Flags
r-devel-linux-x86_64-debian-clang 0.2.3 49.97 448.29 498.26 OK
r-devel-linux-x86_64-debian-gcc 0.2.3 37.00 325.49 362.49 OK
r-devel-linux-x86_64-fedora-clang 0.2.3 596.19 NOTE
r-devel-linux-x86_64-fedora-gcc 0.2.3 562.48 OK
r-devel-windows-x86_64 0.2.3 36.00 272.00 308.00 NOTE
r-patched-linux-x86_64 0.2.3 42.28 430.74 473.02 OK
r-release-linux-x86_64 0.2.3 30.35 437.81 468.16 OK
r-release-macos-arm64 0.2.3 139.00 NOTE
r-release-macos-x86_64 0.2.3 312.00 NOTE
r-release-windows-x86_64 0.2.3 52.00 364.00 416.00 NOTE
r-oldrel-macos-arm64 0.2.3 146.00 NOTE
r-oldrel-windows-x86_64 0.2.3 53.00 352.00 405.00 NOTE

Check Details

Version: 0.2.3
Check: installed package size
Result: NOTE installed size is 10.0Mb sub-directories of 1Mb or more: extdata 9.7Mb Flavors: r-devel-linux-x86_64-fedora-clang, r-devel-windows-x86_64, r-release-macos-arm64, r-release-macos-x86_64, r-release-windows-x86_64, r-oldrel-macos-arm64, r-oldrel-windows-x86_64