CRAN Package Check Results for Package prettifyAddins

Last updated on 2024-02-29 00:55:49 CET.

Flavor Version Tinstall Tcheck Ttotal Status Flags
r-devel-linux-x86_64-debian-clang 2.6.1 7.43 56.98 64.41 OK
r-devel-linux-x86_64-debian-gcc 2.6.1 5.57 43.88 49.45 OK
r-devel-linux-x86_64-fedora-clang 2.6.1 78.75 NOTE
r-devel-linux-x86_64-fedora-gcc 2.6.1 78.45 OK
r-devel-windows-x86_64 2.6.1 8.00 65.00 73.00 NOTE
r-patched-linux-x86_64 2.6.1 6.76 54.87 61.63 OK
r-release-linux-x86_64 2.6.1 8.11 55.73 63.84 OK
r-release-macos-arm64 2.6.1 34.00 NOTE
r-release-macos-x86_64 2.6.1 47.00 NOTE
r-release-windows-x86_64 2.6.1 10.00 69.00 79.00 NOTE
r-oldrel-macos-arm64 2.6.1 31.00 NOTE
r-oldrel-windows-x86_64 2.6.1 12.00 78.00 90.00 NOTE

Check Details

Version: 2.6.1
Check: installed package size
Result: NOTE installed size is 5.6Mb sub-directories of 1Mb or more: shinyApp 5.4Mb Flavors: r-devel-linux-x86_64-fedora-clang, r-devel-windows-x86_64, r-release-macos-arm64, r-release-macos-x86_64, r-release-windows-x86_64, r-oldrel-macos-arm64, r-oldrel-windows-x86_64