Last updated on 2024-03-28 23:55:16 CET.
Flavor | Version | Tinstall | Tcheck | Ttotal | Status | Flags |
---|---|---|---|---|---|---|
r-devel-linux-x86_64-debian-clang | 5.0.0 | 16.84 | 255.17 | 272.01 | OK | |
r-devel-linux-x86_64-debian-gcc | 5.0.0 | 14.23 | 189.61 | 203.84 | OK | |
r-devel-linux-x86_64-fedora-clang | 5.0.0 | 329.50 | NOTE | |||
r-devel-linux-x86_64-fedora-gcc | 5.0.0 | 339.97 | OK | |||
r-devel-windows-x86_64 | 5.0.0 | 17.00 | 205.00 | 222.00 | OK | |
r-patched-linux-x86_64 | 5.0.0 | 22.62 | 248.14 | 270.76 | OK | |
r-release-linux-x86_64 | 5.0.0 | 19.43 | 238.09 | 257.52 | OK | |
r-release-macos-arm64 | 5.0.0 | 98.00 | OK | |||
r-release-macos-x86_64 | 5.0.0 | 231.00 | OK | |||
r-release-windows-x86_64 | 5.0.0 | 23.00 | 256.00 | 279.00 | OK | |
r-oldrel-macos-arm64 | 5.0.0 | 86.00 | OK | |||
r-oldrel-windows-x86_64 | 5.0.0 | 25.00 | 272.00 | 297.00 | OK |
Version: 5.0.0
Check: Rd cross-references
Result: NOTE
Undeclared package ‘sp’ in Rd xrefs
Flavor: r-devel-linux-x86_64-fedora-clang