Last updated on 2024-05-21 16:53:27 CEST.
Flavor | Version | Tinstall | Tcheck | Ttotal | Status | Flags |
---|---|---|---|---|---|---|
r-devel-linux-x86_64-debian-clang | 0.1.2 | 27.06 | 268.67 | 295.73 | OK | |
r-devel-linux-x86_64-debian-gcc | 0.1.2 | 23.34 | 185.12 | 208.46 | OK | |
r-devel-linux-x86_64-fedora-clang | 0.1.2 | 354.55 | NOTE | |||
r-devel-linux-x86_64-fedora-gcc | 0.1.2 | 331.16 | NOTE | |||
r-devel-windows-x86_64 | 0.1.2 | 23.00 | 165.00 | 188.00 | OK | |
r-patched-linux-x86_64 | 0.1.2 | 18.08 | 253.08 | 271.16 | OK | |
r-release-linux-x86_64 | 0.1.2 | 18.19 | 245.75 | 263.94 | OK | |
r-release-macos-arm64 | 0.1.2 | 79.00 | OK | |||
r-release-windows-x86_64 | 0.1.2 | 23.00 | 159.00 | 182.00 | OK | |
r-oldrel-macos-arm64 | 0.1.2 | 32.00 | OK | |||
r-oldrel-macos-x86_64 | 0.1.2 | 48.00 | OK | |||
r-oldrel-windows-x86_64 | 0.1.2 | 31.00 | 199.00 | 230.00 | OK |
Version: 0.1.2
Check: data for non-ASCII characters
Result: NOTE
Note: found 2 marked UTF-8 strings
Flavors: r-devel-linux-x86_64-fedora-clang, r-devel-linux-x86_64-fedora-gcc