CRAN Package Check Results for Package progress

Last updated on 2023-12-06 09:02:22 CET.

Flavor Version Tinstall Tcheck Ttotal Status Flags
r-devel-linux-x86_64-debian-clang 1.2.2 4.24 32.87 37.11 NOTE
r-devel-linux-x86_64-debian-gcc 1.2.2 2.91 25.97 28.88 NOTE
r-devel-linux-x86_64-fedora-clang 1.2.2 47.62 NOTE
r-devel-linux-x86_64-fedora-gcc 1.2.2 45.24 NOTE
r-devel-windows-x86_64 1.2.2 5.00 54.00 59.00 NOTE
r-patched-linux-x86_64 1.2.2 4.68 32.47 37.15 NOTE
r-release-linux-x86_64 1.2.2 3.77 32.78 36.55 NOTE
r-release-macos-arm64 1.2.2 22.00 NOTE
r-release-macos-x86_64 1.2.2 30.00 NOTE
r-release-windows-x86_64 1.2.2 6.00 54.00 60.00 NOTE
r-oldrel-macos-arm64 1.2.2 19.00 NOTE
r-oldrel-macos-x86_64 1.2.2 26.00 NOTE
r-oldrel-windows-x86_64 1.2.2 6.00 61.00 67.00 NOTE

Check Details

Version: 1.2.2
Check: LazyData
Result: NOTE 'LazyData' is specified without a 'data' directory Flavors: r-devel-linux-x86_64-debian-clang, r-devel-linux-x86_64-debian-gcc, r-devel-linux-x86_64-fedora-clang, r-devel-linux-x86_64-fedora-gcc, r-devel-windows-x86_64, r-patched-linux-x86_64, r-release-linux-x86_64, r-release-macos-arm64, r-release-macos-x86_64, r-release-windows-x86_64, r-oldrel-macos-arm64, r-oldrel-macos-x86_64, r-oldrel-windows-x86_64