CRAN Package Check Results for Package projpred

Last updated on 2024-02-21 00:54:37 CET.

Flavor Version Tinstall Tcheck Ttotal Status Flags
r-devel-linux-x86_64-debian-clang 2.8.0 NOTE
r-devel-linux-x86_64-debian-gcc 2.8.0 41.19 277.01 318.20 NOTE
r-devel-linux-x86_64-fedora-clang 2.8.0 579.64 NOTE
r-devel-linux-x86_64-fedora-gcc 2.8.0 555.56 NOTE
r-devel-windows-x86_64 2.8.0 42.00 302.00 344.00 NOTE
r-patched-linux-x86_64 2.8.0 55.04 375.56 430.60 NOTE
r-release-linux-x86_64 2.8.0 41.06 371.80 412.86 NOTE
r-release-macos-arm64 2.8.0 133.00 NOTE
r-release-macos-x86_64 2.8.0 295.00 NOTE
r-release-windows-x86_64 2.8.0 56.00 403.00 459.00 NOTE
r-oldrel-macos-arm64 2.8.0 153.00 NOTE
r-oldrel-windows-x86_64 2.8.0 52.00 387.00 439.00 NOTE

Check Details

Version: 2.8.0
Check: package dependencies
Result: NOTE Package suggested but not available for checking: ‘cmdstanr’ Flavors: r-devel-linux-x86_64-debian-clang, r-devel-linux-x86_64-debian-gcc, r-devel-linux-x86_64-fedora-clang, r-devel-linux-x86_64-fedora-gcc, r-patched-linux-x86_64, r-release-linux-x86_64, r-release-macos-arm64, r-release-macos-x86_64, r-oldrel-macos-arm64

Version: 2.8.0
Check: package dependencies
Result: NOTE Packages suggested but not available for checking: 'unix', 'cmdstanr' Flavors: r-devel-windows-x86_64, r-release-windows-x86_64, r-oldrel-windows-x86_64

Version: 2.8.0
Check: installed package size
Result: NOTE installed size is 5.0Mb sub-directories of 1Mb or more: doc 1.4Mb libs 2.6Mb Flavor: r-release-macos-x86_64