CRAN Package Check Results for Package prolific.api

Last updated on 2024-02-28 00:56:29 CET.

Flavor Version Tinstall Tcheck Ttotal Status Flags
r-devel-linux-x86_64-debian-clang 0.5.2 4.64 53.40 58.04 NOTE
r-devel-linux-x86_64-debian-gcc 0.5.2 4.29 40.14 44.43 NOTE
r-devel-linux-x86_64-fedora-clang 0.5.2 70.38 NOTE
r-devel-linux-x86_64-fedora-gcc 0.5.2 80.70 NOTE
r-devel-windows-x86_64 0.5.2 5.00 69.00 74.00 OK
r-patched-linux-x86_64 0.5.2 4.42 50.61 55.03 OK
r-release-linux-x86_64 0.5.2 6.02 51.87 57.89 OK
r-release-macos-arm64 0.5.2 36.00 OK
r-release-macos-x86_64 0.5.2 86.00 OK
r-release-windows-x86_64 0.5.2 6.00 71.00 77.00 OK
r-oldrel-macos-arm64 0.5.2 34.00 OK
r-oldrel-windows-x86_64 0.5.2 7.00 76.00 83.00 OK

Check Details

Version: 0.5.2
Check: Rd files
Result: NOTE checkRd: (-1) prolific_prescreener.Rd:254: Lost braces in \itemize; meant \describe ? checkRd: (-1) prolific_prescreener.Rd:255: Lost braces in \itemize; meant \describe ? checkRd: (-1) prolific_study.Rd:95: Lost braces in \itemize; meant \describe ? checkRd: (-1) prolific_study.Rd:96: Lost braces in \itemize; meant \describe ? checkRd: (-1) prolific_study.Rd:97: Lost braces in \itemize; meant \describe ? checkRd: (-1) prolific_study.Rd:109: Lost braces in \itemize; meant \describe ? checkRd: (-1) prolific_study.Rd:110: Lost braces in \itemize; meant \describe ? checkRd: (-1) prolific_study.Rd:149: Lost braces in \itemize; meant \describe ? checkRd: (-1) prolific_study.Rd:150: Lost braces in \itemize; meant \describe ? checkRd: (-1) prolific_study.Rd:151: Lost braces in \itemize; meant \describe ? checkRd: (-1) prolific_study.Rd:243: Lost braces in \itemize; meant \describe ? checkRd: (-1) prolific_study.Rd:244: Lost braces in \itemize; meant \describe ? Flavors: r-devel-linux-x86_64-debian-clang, r-devel-linux-x86_64-debian-gcc, r-devel-linux-x86_64-fedora-clang, r-devel-linux-x86_64-fedora-gcc