Last updated on 2023-12-08 00:52:04 CET.
Flavor | Version | Tinstall | Tcheck | Ttotal | Status | Flags |
---|---|---|---|---|---|---|
r-devel-linux-x86_64-debian-clang | 0.2.1 | 26.83 | 267.59 | 294.42 | NOTE | |
r-devel-linux-x86_64-debian-gcc | 0.2.1 | 20.30 | 197.70 | 218.00 | NOTE | |
r-devel-linux-x86_64-fedora-clang | 0.2.1 | 356.03 | OK | |||
r-devel-linux-x86_64-fedora-gcc | 0.2.1 | 372.37 | OK | |||
r-devel-windows-x86_64 | 0.2.1 | 22.00 | 206.00 | 228.00 | OK | |
r-patched-linux-x86_64 | 0.2.1 | 23.57 | 256.63 | 280.20 | OK | |
r-release-linux-x86_64 | 0.2.1 | 20.50 | 248.69 | 269.19 | OK | |
r-release-macos-arm64 | 0.2.1 | 99.00 | OK | |||
r-release-macos-x86_64 | 0.2.1 | 168.00 | OK | |||
r-release-windows-x86_64 | 0.2.1 | 29.00 | 280.00 | 309.00 | OK | |
r-oldrel-macos-arm64 | 0.2.1 | 100.00 | OK | |||
r-oldrel-macos-x86_64 | 0.2.1 | 143.00 | OK | |||
r-oldrel-windows-x86_64 | 0.2.1 | 31.00 | 251.00 | 282.00 | OK |
Version: 0.2.1
Check: Rd files
Result: NOTE
checkRd: (-1) impute_plot.Rd:32: Lost braces; missing escapes or markup?
32 | \item{global}{Logical. If \code{TRUE} ({default}), a global density plot is
| ^
Flavors: r-devel-linux-x86_64-debian-clang, r-devel-linux-x86_64-debian-gcc