Last updated on 2024-05-03 00:59:31 CEST.
Flavor | Version | Tinstall | Tcheck | Ttotal | Status | Flags |
---|---|---|---|---|---|---|
r-devel-linux-x86_64-debian-clang | 0.2.7 | 45.74 | 131.58 | 177.32 | OK | |
r-devel-linux-x86_64-debian-gcc | 0.2.7 | 33.52 | 112.47 | 145.99 | OK | |
r-devel-linux-x86_64-fedora-clang | 0.2.7 | 229.80 | OK | |||
r-devel-linux-x86_64-fedora-gcc | 0.2.7 | 278.86 | OK | |||
r-devel-windows-x86_64 | 0.2.7 | 40.00 | 154.00 | 194.00 | OK | |
r-patched-linux-x86_64 | 0.2.7 | 38.95 | 142.88 | 181.83 | OK | |
r-release-linux-x86_64 | 0.2.7 | 47.18 | 142.73 | 189.91 | OK | |
r-release-macos-arm64 | 0.2.7 | 135.00 | NOTE | |||
r-release-macos-x86_64 | 0.2.7 | 236.00 | NOTE | |||
r-release-windows-x86_64 | 0.2.7 | 38.00 | 236.00 | 274.00 | OK | |
r-oldrel-macos-arm64 | 0.2.7 | 86.00 | NOTE | |||
r-oldrel-macos-x86_64 | 0.2.7 | 192.00 | NOTE | |||
r-oldrel-windows-x86_64 | 0.2.7 | 46.00 | 177.00 | 223.00 | OK |
Version: 0.2.7
Check: installed package size
Result: NOTE
installed size is 7.1Mb
sub-directories of 1Mb or more:
data 2.9Mb
libs 2.7Mb
Flavors: r-release-macos-arm64, r-release-macos-x86_64, r-oldrel-macos-arm64, r-oldrel-macos-x86_64