CRAN Package Check Results for Package protein8k

Last updated on 2024-02-28 00:56:29 CET.

Flavor Version Tinstall Tcheck Ttotal Status Flags
r-devel-linux-x86_64-debian-clang 0.0.1 2.58 80.67 83.25 NOTE
r-devel-linux-x86_64-debian-gcc 0.0.1 2.65 56.22 58.87 NOTE
r-devel-linux-x86_64-fedora-clang 0.0.1 122.81 NOTE
r-devel-linux-x86_64-fedora-gcc 0.0.1 109.58 NOTE
r-devel-windows-x86_64 0.0.1 5.00 168.00 173.00 OK
r-patched-linux-x86_64 0.0.1 3.56 77.45 81.01 OK
r-release-linux-x86_64 0.0.1 2.84 77.17 80.01 OK
r-release-macos-arm64 0.0.1 37.00 OK
r-release-macos-x86_64 0.0.1 58.00 OK
r-release-windows-x86_64 0.0.1 6.00 148.00 154.00 OK
r-oldrel-macos-arm64 0.0.1 31.00 OK
r-oldrel-windows-x86_64 0.0.1 6.00 167.00 173.00 OK

Check Details

Version: 0.0.1
Check: Rd files
Result: NOTE checkRd: (-1) Protein-class.Rd:10-17: Lost braces in \itemize; meant \describe ? checkRd: (-1) Protein-class.Rd:11-15: Lost braces in \itemize; meant \describe ? checkRd: (-1) Protein-class.Rd:12: Lost braces in \itemize; meant \describe ? checkRd: (-1) Protein-class.Rd:13: Lost braces in \itemize; meant \describe ? checkRd: (-1) Protein-class.Rd:14: Lost braces in \itemize; meant \describe ? checkRd: (-1) Protein-class.Rd:16: Lost braces in \itemize; meant \describe ? checkRd: (-1) Protein-class.Rd:18-35: Lost braces in \itemize; meant \describe ? checkRd: (-1) Protein-class.Rd:19: Lost braces in \enumerate; meant \describe ? checkRd: (-1) Protein-class.Rd:20: Lost braces in \enumerate; meant \describe ? checkRd: (-1) Protein-class.Rd:21: Lost braces in \enumerate; meant \describe ? checkRd: (-1) Protein-class.Rd:23: Lost braces in \enumerate; meant \describe ? checkRd: (-1) Protein-class.Rd:25: Lost braces in \enumerate; meant \describe ? checkRd: (-1) Protein-class.Rd:27: Lost braces in \enumerate; meant \describe ? checkRd: (-1) Protein-class.Rd:28: Lost braces in \enumerate; meant \describe ? checkRd: (-1) Protein-class.Rd:29: Lost braces in \enumerate; meant \describe ? checkRd: (-1) Protein-class.Rd:31: Lost braces in \enumerate; meant \describe ? checkRd: (-1) Protein-class.Rd:33: Lost braces in \enumerate; meant \describe ? checkRd: (-1) Protein-class.Rd:34: Lost braces in \enumerate; meant \describe ? checkRd: (-1) getAtomicRecord.Rd:9: Lost braces in \enumerate; meant \describe ? checkRd: (-1) getAtomicRecord.Rd:10: Lost braces in \enumerate; meant \describe ? checkRd: (-1) getAtomicRecord.Rd:11: Lost braces in \enumerate; meant \describe ? checkRd: (-1) getAtomicRecord.Rd:13: Lost braces in \enumerate; meant \describe ? checkRd: (-1) getAtomicRecord.Rd:15: Lost braces in \enumerate; meant \describe ? checkRd: (-1) getAtomicRecord.Rd:17: Lost braces in \enumerate; meant \describe ? checkRd: (-1) getAtomicRecord.Rd:18: Lost braces in \enumerate; meant \describe ? checkRd: (-1) getAtomicRecord.Rd:19: Lost braces in \enumerate; meant \describe ? checkRd: (-1) getAtomicRecord.Rd:21: Lost braces in \enumerate; meant \describe ? checkRd: (-1) getAtomicRecord.Rd:23: Lost braces in \enumerate; meant \describe ? checkRd: (-1) getAtomicRecord.Rd:24: Lost braces in \enumerate; meant \describe ? checkRd: (-1) p53_tetramerization.Rd:10-17: Lost braces in \itemize; meant \describe ? checkRd: (-1) p53_tetramerization.Rd:11-15: Lost braces in \itemize; meant \describe ? checkRd: (-1) p53_tetramerization.Rd:12: Lost braces in \itemize; meant \describe ? checkRd: (-1) p53_tetramerization.Rd:13: Lost braces in \itemize; meant \describe ? checkRd: (-1) p53_tetramerization.Rd:14: Lost braces in \itemize; meant \describe ? checkRd: (-1) p53_tetramerization.Rd:16: Lost braces in \itemize; meant \describe ? checkRd: (-1) p53_tetramerization.Rd:18-35: Lost braces in \itemize; meant \describe ? checkRd: (-1) p53_tetramerization.Rd:19: Lost braces in \enumerate; meant \describe ? checkRd: (-1) p53_tetramerization.Rd:20: Lost braces in \enumerate; meant \describe ? checkRd: (-1) p53_tetramerization.Rd:21: Lost braces in \enumerate; meant \describe ? checkRd: (-1) p53_tetramerization.Rd:23: Lost braces in \enumerate; meant \describe ? checkRd: (-1) p53_tetramerization.Rd:25: Lost braces in \enumerate; meant \describe ? checkRd: (-1) p53_tetramerization.Rd:27: Lost braces in \enumerate; meant \describe ? checkRd: (-1) p53_tetramerization.Rd:28: Lost braces in \enumerate; meant \describe ? checkRd: (-1) p53_tetramerization.Rd:29: Lost braces in \enumerate; meant \describe ? checkRd: (-1) p53_tetramerization.Rd:31: Lost braces in \enumerate; meant \describe ? checkRd: (-1) p53_tetramerization.Rd:33: Lost braces in \enumerate; meant \describe ? checkRd: (-1) p53_tetramerization.Rd:34: Lost braces in \enumerate; meant \describe ? checkRd: (-1) read.pdb.Rd:9-16: Lost braces in \itemize; meant \describe ? checkRd: (-1) read.pdb.Rd:10-14: Lost braces in \itemize; meant \describe ? checkRd: (-1) read.pdb.Rd:11: Lost braces in \itemize; meant \describe ? checkRd: (-1) read.pdb.Rd:12: Lost braces in \itemize; meant \describe ? checkRd: (-1) read.pdb.Rd:13: Lost braces in \itemize; meant \describe ? checkRd: (-1) read.pdb.Rd:15: Lost braces in \itemize; meant \describe ? checkRd: (-1) read.pdb.Rd:17-34: Lost braces in \itemize; meant \describe ? checkRd: (-1) read.pdb.Rd:18: Lost braces in \enumerate; meant \describe ? checkRd: (-1) read.pdb.Rd:19: Lost braces in \enumerate; meant \describe ? checkRd: (-1) read.pdb.Rd:20: Lost braces in \enumerate; meant \describe ? checkRd: (-1) read.pdb.Rd:22: Lost braces in \enumerate; meant \describe ? checkRd: (-1) read.pdb.Rd:24: Lost braces in \enumerate; meant \describe ? checkRd: (-1) read.pdb.Rd:26: Lost braces in \enumerate; meant \describe ? checkRd: (-1) read.pdb.Rd:27: Lost braces in \enumerate; meant \describe ? checkRd: (-1) read.pdb.Rd:28: Lost braces in \enumerate; meant \describe ? checkRd: (-1) read.pdb.Rd:30: Lost braces in \enumerate; meant \describe ? checkRd: (-1) read.pdb.Rd:32: Lost braces in \enumerate; meant \describe ? checkRd: (-1) read.pdb.Rd:33: Lost braces in \enumerate; meant \describe ? Flavors: r-devel-linux-x86_64-debian-clang, r-devel-linux-x86_64-debian-gcc, r-devel-linux-x86_64-fedora-clang, r-devel-linux-x86_64-fedora-gcc