CRAN Package Check Results for Package protolite

Last updated on 2024-02-23 00:59:37 CET.

Flavor Version Tinstall Tcheck Ttotal Status Flags
r-devel-linux-x86_64-debian-clang 2.3.0 OK
r-devel-linux-x86_64-debian-gcc 2.3.0 69.45 26.09 95.54 OK
r-devel-linux-x86_64-fedora-clang 2.3.0 175.07 NOTE
r-devel-linux-x86_64-fedora-gcc 2.3.0 176.49 OK
r-devel-windows-x86_64 2.3.0 68.00 88.00 156.00 OK
r-patched-linux-x86_64 2.3.0 86.89 33.13 120.02 OK
r-release-linux-x86_64 2.3.0 87.85 32.71 120.56 OK
r-release-macos-arm64 2.3.0 126.00 NOTE
r-release-macos-x86_64 2.3.0 75.00 NOTE
r-release-windows-x86_64 2.3.0 73.00 96.00 169.00 OK
r-oldrel-macos-arm64 2.3.0 45.00 NOTE
r-oldrel-windows-x86_64 2.3.0 87.00 90.00 177.00 OK

Check Details

Version: 2.3.0
Check: Rd cross-references
Result: NOTE Undeclared package ‘RProtoBuf’ in Rd xrefs Flavor: r-devel-linux-x86_64-fedora-clang

Version: 2.3.0
Check: installed package size
Result: NOTE installed size is 21.4Mb sub-directories of 1Mb or more: libs 21.3Mb Flavors: r-release-macos-arm64, r-release-macos-x86_64, r-oldrel-macos-arm64