CRAN Package Check Results for Package psychTools

Last updated on 2024-07-21 08:49:25 CEST.

Flavor Version Tinstall Tcheck Ttotal Status Flags
r-devel-linux-x86_64-debian-clang 2.4.3 7.45 207.39 214.84 OK
r-devel-linux-x86_64-debian-gcc 2.4.3 4.51 157.37 161.88 NOTE
r-devel-linux-x86_64-fedora-clang 2.4.3 306.45 OK
r-devel-linux-x86_64-fedora-gcc 2.4.3 278.80 OK
r-devel-windows-x86_64 2.4.3 7.00 378.00 385.00 NOTE
r-patched-linux-x86_64 2.4.3 8.80 223.63 232.43 OK
r-release-linux-x86_64 2.4.3 6.27 224.62 230.89 OK
r-release-macos-arm64 2.4.3 106.00 OK
r-release-macos-x86_64 2.4.3 166.00 OK
r-release-windows-x86_64 2.4.3 7.00 374.00 381.00 OK
r-oldrel-macos-arm64 2.4.3 126.00 OK
r-oldrel-macos-x86_64 2.4.3 330.00 OK
r-oldrel-windows-x86_64 2.4.3 10.00 364.00 374.00 OK

Check Details

Version: 2.4.3
Check: Rd cross-references
Result: NOTE Found the following Rd file(s) with Rd \link{} targets missing package anchors: GERAS.Rd: cohen.d, scatterHist Schutz.Rd: fa ability.Rd: irt.fa, tetrachoric, omega bfi.Rd: make.keys, score.items, irt.fa, polychoric, bi.bars blant.Rd: fa blot.Rd: irt.fa burt.Rd: Harman.Burt, cor.smooth, Harman cubits.Rd: table2matrix df2latex.Rd: fa, irt.fa dfOrder.Rd: test.irt, sim.irt epi.Rd: alpha, omega, testRetest heights.Rd: table2df, table2matrix, ellipses iqitems.Rd: tetrachoric, irt.fa, omega msq.Rd: make.keys, scoreItems, scoreOverlap, fa, fa.extension msqR.rd: make.keys, scoreItems, scoreOverlap, fa, fa.extension, testRetest read.clipboard.Rd: read.spss, read.xport, fa, ICLUST, pca, omega usaf.Rd: omega, omegaSem zola.Rd: lookupFromKeys Please provide package anchors for all Rd \link{} targets not in the package itself and the base packages. Flavors: r-devel-linux-x86_64-debian-gcc, r-devel-windows-x86_64