Last updated on 2024-08-31 17:49:04 CEST.
Flavor | Version | Tinstall | Tcheck | Ttotal | Status | Flags |
---|---|---|---|---|---|---|
r-devel-linux-x86_64-debian-clang | 1.0.1 | 2.04 | 20.17 | 22.21 | OK | |
r-devel-linux-x86_64-debian-gcc | 1.0.1 | 1.55 | 16.31 | 17.86 | OK | |
r-devel-linux-x86_64-fedora-clang | 1.0.1 | 35.97 | NOTE | |||
r-devel-linux-x86_64-fedora-gcc | 1.0.1 | 34.47 | NOTE | |||
r-devel-windows-x86_64 | 1.0.1 | 3.00 | 43.00 | 46.00 | OK | |
r-patched-linux-x86_64 | 1.0.1 | 2.52 | 19.67 | 22.19 | OK | |
r-release-linux-x86_64 | 1.0.1 | 1.63 | 19.63 | 21.26 | OK | |
r-release-macos-arm64 | 1.0.1 | 16.00 | OK | |||
r-release-macos-x86_64 | 1.0.1 | 23.00 | OK | |||
r-release-windows-x86_64 | 1.0.1 | 4.00 | 53.00 | 57.00 | OK | |
r-oldrel-macos-arm64 | 1.0.1 | 17.00 | OK | |||
r-oldrel-macos-x86_64 | 1.0.1 | 32.00 | OK | |||
r-oldrel-windows-x86_64 | 1.0.1 | 4.00 | 45.00 | 49.00 | OK |
Version: 1.0.1
Check: dependencies in R code
Result: NOTE
Namespace in Imports field not imported from: ‘Rdpack’
All declared Imports should be used.
Flavors: r-devel-linux-x86_64-fedora-clang, r-devel-linux-x86_64-fedora-gcc
Version: 1.0.1
Check: data for non-ASCII characters
Result: NOTE
Note: found 107 marked UTF-8 strings
Flavors: r-devel-linux-x86_64-fedora-clang, r-devel-linux-x86_64-fedora-gcc